CRAN Package Check Results for Package joineRML

Last updated on 2024-02-26 16:56:27 CET.

Flavor Version Tinstall Tcheck Ttotal Status Flags
r-devel-linux-x86_64-debian-clang 0.4.6 112.91 598.32 711.23 NOTE --no-tests
r-devel-linux-x86_64-debian-gcc 0.4.6 92.90 1122.18 1215.08 NOTE --no-tests
r-devel-linux-x86_64-fedora-clang 0.4.6 1014.15 NOTE
r-devel-linux-x86_64-fedora-gcc 0.4.6 1107.85 NOTE
r-devel-windows-x86_64 0.4.6 88.00 414.00 502.00 NOTE
r-patched-linux-x86_64 0.4.6 118.64 601.06 719.70 NOTE --no-tests
r-release-linux-x86_64 0.4.6 86.07 621.40 707.47 NOTE --no-tests
r-release-macos-arm64 0.4.6 255.00 NOTE
r-release-macos-x86_64 0.4.6 405.00 NOTE
r-release-windows-x86_64 0.4.6 116.00 525.00 641.00 NOTE
r-oldrel-macos-arm64 0.4.6 157.00 NOTE
r-oldrel-windows-x86_64 0.4.6 115.00 507.00 622.00 OK

Check Details

Version: 0.4.6
Flags: --no-tests
Check: C++ specification
Result: NOTE Specified C++11: please drop specification unless essential Flavors: r-devel-linux-x86_64-debian-clang, r-devel-linux-x86_64-debian-gcc, r-patched-linux-x86_64, r-release-linux-x86_64

Version: 0.4.6
Check: C++ specification
Result: NOTE Specified C++11: please drop specification unless essential Flavors: r-devel-linux-x86_64-fedora-clang, r-devel-linux-x86_64-fedora-gcc, r-devel-windows-x86_64, r-release-macos-arm64, r-release-macos-x86_64, r-release-windows-x86_64

Version: 0.4.6
Check: installed package size
Result: NOTE installed size is 6.6Mb sub-directories of 1Mb or more: data 1.3Mb libs 4.1Mb Flavors: r-release-macos-arm64, r-release-macos-x86_64, r-oldrel-macos-arm64