Last updated on 2024-03-28 23:55:09 CET.
Flavor | Version | Tinstall | Tcheck | Ttotal | Status | Flags |
---|---|---|---|---|---|---|
r-devel-linux-x86_64-debian-clang | 0.0.10 | 2.45 | 70.95 | 73.40 | NOTE | |
r-devel-linux-x86_64-debian-gcc | 0.0.10 | 2.17 | 53.28 | 55.45 | NOTE | |
r-devel-linux-x86_64-fedora-clang | 0.0.10 | 91.60 | NOTE | |||
r-devel-linux-x86_64-fedora-gcc | 0.0.10 | 102.25 | NOTE | |||
r-devel-windows-x86_64 | 0.0.10 | 4.00 | 71.00 | 75.00 | NOTE | |
r-patched-linux-x86_64 | 0.0.10 | 3.51 | 68.58 | 72.09 | NOTE | |
r-release-linux-x86_64 | 0.0.10 | 3.01 | 67.61 | 70.62 | NOTE | |
r-release-macos-arm64 | 0.0.10 | 42.00 | NOTE | |||
r-release-macos-x86_64 | 0.0.10 | 57.00 | NOTE | |||
r-release-windows-x86_64 | 0.0.10 | 4.00 | 80.00 | 84.00 | NOTE | |
r-oldrel-macos-arm64 | 0.0.10 | 32.00 | NOTE | |||
r-oldrel-windows-x86_64 | 0.0.10 | 5.00 | 85.00 | 90.00 | NOTE |
Version: 0.0.10
Check: package dependencies
Result: NOTE
Package which this enhances but not available for checking: ‘remMap’
Flavors: r-devel-linux-x86_64-debian-clang, r-devel-linux-x86_64-debian-gcc, r-devel-linux-x86_64-fedora-clang, r-devel-linux-x86_64-fedora-gcc, r-devel-windows-x86_64, r-patched-linux-x86_64, r-release-linux-x86_64, r-release-macos-arm64, r-release-windows-x86_64, r-oldrel-macos-arm64, r-oldrel-windows-x86_64
Version: 0.0.10
Check: package dependencies
Result: NOTE
Packages which this enhances but not available for checking:
'remMap', 'mcen', 'RMTL'
Flavor: r-release-macos-x86_64