Last updated on 2024-04-24 16:54:34 CEST.
Flavor | Version | Tinstall | Tcheck | Ttotal | Status | Flags |
---|---|---|---|---|---|---|
r-devel-linux-x86_64-debian-clang | 1.0.2 | 9.37 | 86.16 | 95.53 | OK | |
r-devel-linux-x86_64-debian-gcc | 1.0.2 | 6.47 | 67.13 | 73.60 | OK | |
r-devel-linux-x86_64-fedora-clang | 1.0.2 | 132.23 | OK | |||
r-devel-linux-x86_64-fedora-gcc | 1.0.2 | 134.48 | OK | |||
r-devel-windows-x86_64 | 1.0.2 | 11.00 | 102.00 | 113.00 | OK | |
r-patched-linux-x86_64 | 1.0.2 | 8.63 | 83.94 | 92.57 | OK | |
r-release-linux-x86_64 | 1.0.2 | 7.86 | 83.88 | 91.74 | OK | |
r-release-macos-arm64 | 1.0.2 | 56.00 | NOTE | |||
r-release-macos-x86_64 | 1.0.2 | 87.00 | NOTE | |||
r-release-windows-x86_64 | 1.0.2 | 12.00 | 102.00 | 114.00 | OK | |
r-oldrel-macos-arm64 | 1.0.2 | 42.00 | OK | |||
r-oldrel-macos-x86_64 | 1.0.2 | 49.00 | OK | |||
r-oldrel-windows-x86_64 | 1.0.2 | 15.00 | 135.00 | 150.00 | OK |
Version: 1.0.2
Check: package dependencies
Result: NOTE
Package suggested but not available for checking: ‘PSCBS’
Flavors: r-release-macos-arm64, r-release-macos-x86_64
Version: 1.0.2
Check: Rd cross-references
Result: NOTE
Package unavailable to check Rd xrefs: ‘PSCBS’
Flavors: r-release-macos-arm64, r-release-macos-x86_64