CRAN Package Check Results for Package jointseg

Last updated on 2024-06-05 00:48:50 CEST.

Flavor Version Tinstall Tcheck Ttotal Status Flags
r-devel-linux-x86_64-debian-clang 1.0.2 10.02 85.86 95.88 OK
r-devel-linux-x86_64-debian-gcc 1.0.2 6.92 66.94 73.86 OK
r-devel-linux-x86_64-fedora-clang 1.0.2 132.96 OK
r-devel-linux-x86_64-fedora-gcc 1.0.2 134.09 OK
r-devel-windows-x86_64 1.0.2 14.00 101.00 115.00 OK
r-patched-linux-x86_64 1.0.2 7.76 83.02 90.78 OK
r-release-linux-x86_64 1.0.2 8.17 84.90 93.07 OK
r-release-macos-arm64 1.0.2 46.00 OK
r-release-macos-x86_64 1.0.2 87.00 NOTE
r-release-windows-x86_64 1.0.2 12.00 100.00 112.00 OK
r-oldrel-macos-arm64 1.0.2 56.00 NOTE
r-oldrel-macos-x86_64 1.0.2 49.00 OK
r-oldrel-windows-x86_64 1.0.2 14.00 133.00 147.00 OK

Check Details

Version: 1.0.2
Check: package dependencies
Result: NOTE Package suggested but not available for checking: ‘PSCBS’ Flavors: r-release-macos-x86_64, r-oldrel-macos-arm64

Version: 1.0.2
Check: Rd cross-references
Result: NOTE Package unavailable to check Rd xrefs: ‘PSCBS’ Flavors: r-release-macos-x86_64, r-oldrel-macos-arm64