Last updated on 2023-06-07 17:55:40 CEST.
Flavor | Version | Tinstall | Tcheck | Ttotal | Status | Flags |
---|---|---|---|---|---|---|
r-devel-linux-x86_64-debian-clang | 1.0.2 | 10.08 | 81.10 | 91.18 | OK | |
r-devel-linux-x86_64-debian-gcc | 1.0.2 | 6.85 | 62.69 | 69.54 | OK | |
r-devel-linux-x86_64-fedora-clang | 1.0.2 | 125.44 | OK | |||
r-devel-linux-x86_64-fedora-gcc | 1.0.2 | 124.51 | OK | |||
r-devel-windows-x86_64 | 1.0.2 | 12.00 | 116.00 | 128.00 | OK | |
r-patched-linux-x86_64 | 1.0.2 | 10.17 | 79.12 | 89.29 | OK | |
r-release-linux-x86_64 | 1.0.2 | 8.28 | 80.01 | 88.29 | OK | |
r-release-macos-arm64 | 1.0.2 | 56.00 | NOTE | |||
r-release-macos-x86_64 | 1.0.2 | 49.00 | OK | |||
r-release-windows-x86_64 | 1.0.2 | 14.00 | 132.00 | 146.00 | OK | |
r-oldrel-macos-arm64 | 1.0.2 | 42.00 | OK | |||
r-oldrel-macos-x86_64 | 1.0.2 | 54.00 | OK | |||
r-oldrel-windows-x86_64 | 1.0.2 | 13.00 | 129.00 | 142.00 | OK |
Version: 1.0.2
Check: package dependencies
Result: NOTE
Package suggested but not available for checking: ‘PSCBS’
Flavor: r-release-macos-arm64
Version: 1.0.2
Check: Rd cross-references
Result: NOTE
Package unavailable to check Rd xrefs: ‘PSCBS’
Flavor: r-release-macos-arm64