CRAN Package Check Results for Package journalabbr

Last updated on 2024-02-25 08:53:04 CET.

Flavor Version Tinstall Tcheck Ttotal Status Flags
r-devel-linux-x86_64-debian-clang 0.4.3 16.85 69.35 86.20 OK
r-devel-linux-x86_64-debian-gcc 0.4.3 14.22 49.93 64.15 OK
r-devel-linux-x86_64-fedora-clang 0.4.3 106.24 OK
r-devel-linux-x86_64-fedora-gcc 0.4.3 102.68 OK
r-devel-windows-x86_64 0.4.0 10.00 4.00 14.00 ERROR
r-patched-linux-x86_64 0.4.0 10.77 1.74 12.51 ERROR
r-release-linux-x86_64 0.4.0 8.66 1.70 10.36 ERROR
r-release-macos-arm64 0.4.3 43.00 OK
r-release-macos-x86_64 0.4.3 79.00 OK
r-release-windows-x86_64 0.4.3 20.00 82.00 102.00 OK
r-oldrel-macos-arm64 0.4.0 37.00 OK
r-oldrel-windows-x86_64 0.4.0 13.00 9.00 22.00 ERROR

Check Details

Version: 0.4.0
Check: whether package can be installed
Result: ERROR Installation failed. Flavors: r-devel-windows-x86_64, r-patched-linux-x86_64, r-release-linux-x86_64, r-oldrel-windows-x86_64