CRAN Package Check Results for Package jpmesh

Last updated on 2021-09-26 00:48:44 CEST.

Flavor Version Tinstall Tcheck Ttotal Status Flags
r-devel-linux-x86_64-debian-clang 2.0.2 10.18 168.42 178.60 OK
r-devel-linux-x86_64-debian-gcc 2.0.2 9.11 125.94 135.05 OK
r-devel-linux-x86_64-fedora-clang 2.0.2 218.61 NOTE
r-devel-linux-x86_64-fedora-gcc 2.0.2 204.12 NOTE
r-devel-windows-x86_64 2.0.2 14.00 155.00 169.00 OK
r-devel-windows-x86_64-gcc10-UCRT 2.0.2 NOTE
r-patched-linux-x86_64 2.0.2 9.44 156.95 166.39 OK
r-patched-solaris-x86 2.0.2 290.00 NOTE
r-release-linux-x86_64 2.0.2 8.12 156.56 164.68 OK
r-release-macos-arm64 2.0.2 NOTE
r-release-macos-x86_64 2.0.2 NOTE
r-release-windows-ix86+x86_64 2.0.2 26.00 151.00 177.00 OK
r-oldrel-macos-x86_64 2.0.2 NOTE
r-oldrel-windows-ix86+x86_64 2.0.2 20.00 156.00 176.00 OK

Check Details

Version: 2.0.2
Check: data for non-ASCII characters
Result: NOTE
     Note: found 176 marked UTF-8 strings
Flavors: r-devel-linux-x86_64-fedora-clang, r-devel-linux-x86_64-fedora-gcc, r-devel-windows-x86_64-gcc10-UCRT, r-patched-solaris-x86, r-release-macos-arm64, r-release-macos-x86_64, r-oldrel-macos-x86_64