Last updated on 2023-12-02 16:49:17 CET.
Flavor | Version | Tinstall | Tcheck | Ttotal | Status | Flags |
---|---|---|---|---|---|---|
r-devel-linux-x86_64-debian-clang | 0.6.0 | 6.88 | 40.71 | 47.59 | OK | |
r-devel-linux-x86_64-debian-gcc | 0.6.0 | 4.39 | 31.49 | 35.88 | OK | |
r-devel-linux-x86_64-fedora-clang | 0.6.0 | 58.38 | NOTE | |||
r-devel-linux-x86_64-fedora-gcc | 0.6.0 | 55.86 | OK | |||
r-devel-windows-x86_64 | 0.6.0 | 7.00 | 56.00 | 63.00 | OK | |
r-patched-linux-x86_64 | 0.6.0 | 7.73 | 40.39 | 48.12 | OK | |
r-release-linux-x86_64 | 0.6.0 | 7.22 | 39.61 | 46.83 | OK | |
r-release-macos-arm64 | 0.6.0 | 26.00 | OK | |||
r-release-macos-x86_64 | 0.6.0 | 49.00 | OK | |||
r-release-windows-x86_64 | 0.6.0 | 9.00 | 60.00 | 69.00 | OK | |
r-oldrel-macos-arm64 | 0.6.0 | 26.00 | OK | |||
r-oldrel-macos-x86_64 | 0.6.0 | 34.00 | OK | |||
r-oldrel-windows-x86_64 | 0.6.0 | 10.00 | 61.00 | 71.00 | OK |
Version: 0.6.0
Check: Rd cross-references
Result: NOTE
Undeclared package ‘later’ in Rd xrefs
Flavor: r-devel-linux-x86_64-fedora-clang