Last updated on 2024-04-26 08:55:01 CEST.
Flavor | Version | Tinstall | Tcheck | Ttotal | Status | Flags |
---|---|---|---|---|---|---|
r-devel-linux-x86_64-debian-clang | 2.1.1 | 37.99 | 35.22 | 73.21 | OK | |
r-devel-linux-x86_64-debian-gcc | 2.1.1 | 32.03 | 27.15 | 59.18 | OK | |
r-devel-linux-x86_64-fedora-clang | 2.1.1 | 99.77 | OK | |||
r-devel-linux-x86_64-fedora-gcc | 2.1.1 | 106.00 | OK | |||
r-devel-windows-x86_64 | 2.1.1 | 31.00 | 70.00 | 101.00 | OK | |
r-patched-linux-x86_64 | 2.1.1 | 44.75 | 34.43 | 79.18 | OK | |
r-release-linux-x86_64 | 2.1.1 | 38.58 | 34.16 | 72.74 | OK | |
r-release-macos-arm64 | 2.1.1 | 29.00 | NOTE | |||
r-release-windows-x86_64 | 2.1.1 | 30.00 | 71.00 | 101.00 | OK | |
r-oldrel-macos-arm64 | 2.1.1 | 32.00 | NOTE | |||
r-oldrel-macos-x86_64 | 2.1.1 | 47.00 | NOTE | |||
r-oldrel-windows-x86_64 | 2.1.1 | 28.00 | 74.00 | 102.00 | OK |
Version: 2.1.1
Check: installed package size
Result: NOTE
installed size is 5.7Mb
sub-directories of 1Mb or more:
libs 4.7Mb
Flavors: r-release-macos-arm64, r-oldrel-macos-arm64, r-oldrel-macos-x86_64