Last updated on 2023-05-28 22:00:13 CEST.
Flavor | Version | Tinstall | Tcheck | Ttotal | Status | Flags |
---|---|---|---|---|---|---|
r-devel-linux-x86_64-debian-clang | 0.8.4 | 71.14 | 49.01 | 120.15 | NOTE | |
r-devel-linux-x86_64-debian-gcc | 0.8.4 | 59.31 | 37.41 | 96.72 | NOTE | |
r-devel-linux-x86_64-fedora-clang | 0.8.4 | 189.30 | NOTE | |||
r-devel-linux-x86_64-fedora-gcc | 0.8.4 | 191.91 | NOTE | |||
r-devel-windows-x86_64 | 0.8.4 | 60.00 | 85.00 | 145.00 | NOTE | |
r-patched-linux-x86_64 | 0.8.4 | 60.42 | 47.04 | 107.46 | NOTE | |
r-release-linux-x86_64 | 0.8.4 | 63.55 | 46.83 | 110.38 | NOTE | |
r-release-macos-arm64 | 0.8.4 | 54.00 | NOTE | |||
r-release-macos-x86_64 | 0.8.4 | 81.00 | NOTE | |||
r-release-windows-x86_64 | 0.8.4 | 78.00 | 99.00 | 177.00 | NOTE | |
r-oldrel-macos-arm64 | 0.8.4 | 48.00 | OK | |||
r-oldrel-macos-x86_64 | 0.8.4 | 60.00 | OK | |||
r-oldrel-windows-x86_64 | 0.8.4 | 78.00 | 88.00 | 166.00 | OK |
Version: 0.8.4
Check: C++ specification
Result: NOTE
Specified C++11: please drop specification unless essential
Flavors: r-devel-linux-x86_64-debian-clang, r-devel-linux-x86_64-debian-gcc, r-devel-linux-x86_64-fedora-clang, r-devel-linux-x86_64-fedora-gcc, r-devel-windows-x86_64, r-patched-linux-x86_64, r-release-linux-x86_64, r-release-macos-arm64, r-release-macos-x86_64, r-release-windows-x86_64