Last updated on 2024-03-28 23:55:10 CET.
Flavor | Version | Tinstall | Tcheck | Ttotal | Status | Flags |
---|---|---|---|---|---|---|
r-devel-linux-x86_64-debian-clang | 0.1 | 11.33 | 83.77 | 95.10 | NOTE | |
r-devel-linux-x86_64-debian-gcc | 0.1 | 8.40 | 61.42 | 69.82 | NOTE | |
r-devel-linux-x86_64-fedora-clang | 0.1 | 123.86 | NOTE | |||
r-devel-linux-x86_64-fedora-gcc | 0.1 | 127.58 | NOTE | |||
r-devel-windows-x86_64 | 0.1 | 9.00 | 66.00 | 75.00 | NOTE | |
r-patched-linux-x86_64 | 0.1 | 10.78 | 81.18 | 91.96 | NOTE | |
r-release-linux-x86_64 | 0.1 | 8.96 | 69.76 | 78.72 | NOTE | |
r-release-macos-arm64 | 0.1 | 38.00 | NOTE | |||
r-release-macos-x86_64 | 0.1 | 65.00 | NOTE | |||
r-release-windows-x86_64 | 0.1 | 9.00 | 71.00 | 80.00 | NOTE | |
r-oldrel-macos-arm64 | 0.1 | 64.00 | OK | |||
r-oldrel-windows-x86_64 | 0.1 | 12.00 | 77.00 | 89.00 | OK |
Version: 0.1
Check: package subdirectories
Result: NOTE
Problems with news in ‘NEWS.md’:
Cannot extract version info from the following section titles:
pre-release juicr (2017 - 2021)
Flavors: r-devel-linux-x86_64-debian-clang, r-devel-linux-x86_64-debian-gcc, r-devel-linux-x86_64-fedora-clang, r-devel-linux-x86_64-fedora-gcc, r-devel-windows-x86_64, r-patched-linux-x86_64, r-release-linux-x86_64, r-release-macos-arm64, r-release-macos-x86_64, r-release-windows-x86_64