Last updated on 2023-09-21 08:58:46 CEST.
Flavor | Version | Tinstall | Tcheck | Ttotal | Status | Flags |
---|---|---|---|---|---|---|
r-devel-linux-x86_64-debian-clang | 0.1 | 9.12 | 71.72 | 80.84 | NOTE | |
r-devel-linux-x86_64-debian-gcc | 0.1 | 7.08 | 53.66 | 60.74 | NOTE | |
r-devel-linux-x86_64-fedora-clang | 0.1 | 101.78 | NOTE | |||
r-devel-linux-x86_64-fedora-gcc | 0.1 | 109.50 | NOTE | |||
r-devel-windows-x86_64 | 0.1 | 7.00 | 68.00 | 75.00 | NOTE | |
r-patched-linux-x86_64 | 0.1 | 7.76 | 68.53 | 76.29 | NOTE | |
r-release-linux-x86_64 | 0.1 | 8.33 | 68.99 | 77.32 | NOTE | |
r-release-macos-arm64 | 0.1 | 38.00 | NOTE | |||
r-release-macos-x86_64 | 0.1 | 65.00 | NOTE | |||
r-release-windows-x86_64 | 0.1 | 9.00 | 76.00 | 85.00 | NOTE | |
r-oldrel-macos-arm64 | 0.1 | 64.00 | OK | |||
r-oldrel-macos-x86_64 | 0.1 | 85.00 | OK | |||
r-oldrel-windows-x86_64 | 0.1 | 12.00 | 78.00 | 90.00 | OK |
Version: 0.1
Check: package subdirectories
Result: NOTE
Problems with news in ‘NEWS.md’:
Cannot extract version info from the following section titles:
pre-release juicr (2017 - 2021)
Flavors: r-devel-linux-x86_64-debian-clang, r-devel-linux-x86_64-debian-gcc, r-devel-linux-x86_64-fedora-clang, r-devel-linux-x86_64-fedora-gcc, r-devel-windows-x86_64, r-patched-linux-x86_64, r-release-linux-x86_64, r-release-macos-arm64, r-release-macos-x86_64, r-release-windows-x86_64