Last updated on 2022-05-17 00:51:12 CEST.
Flavor | Version | Tinstall | Tcheck | Ttotal | Status | Flags |
---|---|---|---|---|---|---|
r-devel-linux-x86_64-debian-clang | 1.3.4 | 11.04 | 98.80 | 109.84 | NOTE | |
r-devel-linux-x86_64-debian-gcc | 1.3.4 | 8.43 | 76.10 | 84.53 | NOTE | |
r-devel-linux-x86_64-fedora-clang | 1.3.4 | 128.62 | NOTE | |||
r-devel-linux-x86_64-fedora-gcc | 1.3.4 | 130.16 | NOTE | |||
r-devel-windows-x86_64 | 1.3.4 | 72.00 | 158.00 | 230.00 | NOTE | |
r-patched-linux-x86_64 | 1.3.4 | 10.06 | 96.04 | 106.10 | NOTE | |
r-release-linux-x86_64 | 1.3.4 | 7.69 | 96.83 | 104.52 | NOTE | |
r-release-macos-arm64 | 1.3.4 | 44.00 | NOTE | |||
r-release-macos-x86_64 | 1.3.4 | 58.00 | NOTE | |||
r-release-windows-x86_64 | 1.3.4 | 95.00 | 145.00 | 240.00 | NOTE | |
r-oldrel-macos-arm64 | 1.3.4 | 45.00 | NOTE | |||
r-oldrel-macos-x86_64 | 1.3.4 | 66.00 | NOTE | |||
r-oldrel-windows-ix86+x86_64 | 1.3.4 | 20.00 | 140.00 | 160.00 | NOTE |
Version: 1.3.4
Check: LazyData
Result: NOTE
'LazyData' is specified without a 'data' directory
Flavors: r-devel-linux-x86_64-debian-clang, r-devel-linux-x86_64-debian-gcc, r-devel-linux-x86_64-fedora-clang, r-devel-linux-x86_64-fedora-gcc, r-devel-windows-x86_64, r-patched-linux-x86_64, r-release-linux-x86_64, r-release-macos-arm64, r-release-macos-x86_64, r-release-windows-x86_64, r-oldrel-macos-arm64, r-oldrel-macos-x86_64, r-oldrel-windows-ix86+x86_64