Last updated on 2024-08-13 17:48:16 CEST.
Flavor | Version | Tinstall | Tcheck | Ttotal | Status | Flags |
---|---|---|---|---|---|---|
r-devel-linux-x86_64-debian-clang | 0.4-12 | 14.20 | 93.14 | 107.34 | OK | |
r-devel-linux-x86_64-debian-gcc | 0.4-12 | 9.36 | 67.11 | 76.47 | OK | |
r-devel-linux-x86_64-fedora-clang | 0.4-12 | 166.60 | NOTE | |||
r-devel-linux-x86_64-fedora-gcc | 0.4-12 | 159.12 | NOTE | |||
r-devel-windows-x86_64 | 0.4-12 | 17.00 | 116.00 | 133.00 | OK | |
r-patched-linux-x86_64 | 0.4-12 | 14.95 | 87.12 | 102.07 | OK | |
r-release-linux-x86_64 | 0.4-12 | 12.82 | 86.55 | 99.37 | OK | |
r-release-macos-arm64 | 0.4-12 | 46.00 | OK | |||
r-release-macos-x86_64 | 0.4-12 | 92.00 | OK | |||
r-release-windows-x86_64 | 0.4-12 | 17.00 | 114.00 | 131.00 | OK | |
r-oldrel-macos-arm64 | 0.4-12 | 55.00 | OK | |||
r-oldrel-macos-x86_64 | 0.4-12 | 152.00 | OK | |||
r-oldrel-windows-x86_64 | 0.4-12 | 21.00 | 142.00 | 163.00 | OK |
Version: 0.4-12
Check: compiled code
Result: NOTE
File ‘kappalab/libs/kappalab.so’:
Found no calls to: ‘R_registerRoutines’, ‘R_useDynamicSymbols’
It is good practice to register native routines and to disable symbol
search.
See ‘Writing portable packages’ in the ‘Writing R Extensions’ manual.
Flavors: r-devel-linux-x86_64-fedora-clang, r-devel-linux-x86_64-fedora-gcc