Last updated on 2023-03-24 07:54:44 CET.
Flavor | Version | Tinstall | Tcheck | Ttotal | Status | Flags |
---|---|---|---|---|---|---|
r-devel-linux-x86_64-debian-clang | 1.0.5 | 47.06 | 32.09 | 79.15 | NOTE | |
r-devel-linux-x86_64-debian-gcc | 1.0.5 | 37.09 | 26.32 | 63.41 | NOTE | |
r-devel-linux-x86_64-fedora-clang | 1.0.5 | 117.02 | NOTE | |||
r-devel-linux-x86_64-fedora-gcc | 1.0.5 | 104.81 | NOTE | |||
r-patched-linux-x86_64 | 1.0.5 | 35.38 | 33.73 | 69.11 | OK | |
r-release-linux-x86_64 | 1.0.5 | 41.05 | 34.02 | 75.07 | OK | |
r-release-macos-arm64 | 1.0.5 | 37.00 | NOTE | |||
r-release-macos-x86_64 | 1.0.5 | 47.00 | NOTE | |||
r-release-windows-x86_64 | 1.0.5 | 57.00 | 94.00 | 151.00 | OK | |
r-oldrel-macos-arm64 | 1.0.5 | 36.00 | NOTE | |||
r-oldrel-macos-x86_64 | 1.0.5 | 51.00 | NOTE | |||
r-oldrel-windows-ix86+x86_64 | 1.0.5 | 106.00 | 89.00 | 195.00 | OK |
Version: 1.0.5
Check: C++ specification
Result: NOTE
Specified C++11: please drop specification unless essential
Flavors: r-devel-linux-x86_64-debian-clang, r-devel-linux-x86_64-debian-gcc, r-devel-linux-x86_64-fedora-clang, r-devel-linux-x86_64-fedora-gcc
Version: 1.0.5
Check: installed package size
Result: NOTE
installed size is 15.9Mb
sub-directories of 1Mb or more:
libs 15.8Mb
Flavors: r-release-macos-arm64, r-release-macos-x86_64, r-oldrel-macos-arm64, r-oldrel-macos-x86_64