CRAN Package Check Results for Package kdensity

Last updated on 2021-12-02 12:54:47 CET.

Flavor Version Tinstall Tcheck Ttotal Status Flags
r-devel-linux-x86_64-debian-clang 1.1.0 5.21 54.84 60.05 NOTE
r-devel-linux-x86_64-debian-gcc 1.1.0 4.66 41.80 46.46 NOTE
r-devel-linux-x86_64-fedora-clang 1.1.0 90.16 NOTE
r-devel-linux-x86_64-fedora-gcc 1.1.0 72.44 NOTE
r-devel-windows-x86_64-new-UL 1.1.0 13.00 100.00 113.00 NOTE
r-devel-windows-x86_64-new-TK 1.1.0 NOTE
r-devel-windows-x86_64-old 1.1.0 9.00 62.00 71.00 NOTE
r-patched-linux-x86_64 1.1.0 9.77 51.46 61.23 NOTE
r-patched-solaris-x86 1.1.0 91.60 NOTE
r-release-linux-x86_64 1.1.0 4.60 51.87 56.47 NOTE
r-release-macos-arm64 1.1.0 NOTE
r-release-macos-x86_64 1.1.0 NOTE
r-release-windows-ix86+x86_64 1.1.0 13.00 75.00 88.00 NOTE
r-oldrel-macos-x86_64 1.1.0 NOTE
r-oldrel-windows-ix86+x86_64 1.1.0 12.00 76.00 88.00 OK

Check Details

Version: 1.1.0
Check: LazyData
Result: NOTE
     'LazyData' is specified without a 'data' directory
Flavors: r-devel-linux-x86_64-debian-clang, r-devel-linux-x86_64-debian-gcc, r-devel-linux-x86_64-fedora-clang, r-devel-linux-x86_64-fedora-gcc, r-devel-windows-x86_64-new-UL, r-devel-windows-x86_64-new-TK, r-devel-windows-x86_64-old, r-patched-linux-x86_64, r-patched-solaris-x86, r-release-linux-x86_64, r-release-macos-arm64, r-release-macos-x86_64, r-release-windows-ix86+x86_64

Version: 1.1.0
Check: dependencies in R code
Result: NOTE
    Namespaces in Imports field not imported from:
     ‘EQL’ ‘univariateML’
     All declared Imports should be used.
Flavors: r-devel-linux-x86_64-fedora-clang, r-devel-linux-x86_64-fedora-gcc, r-devel-windows-x86_64-new-TK, r-patched-solaris-x86, r-release-macos-arm64, r-release-macos-x86_64, r-oldrel-macos-x86_64