Last updated on 2024-03-28 23:55:10 CET.
Flavor | Version | Tinstall | Tcheck | Ttotal | Status | Flags |
---|---|---|---|---|---|---|
r-devel-linux-x86_64-debian-clang | 2.13.0 | 28.41 | 239.12 | 267.53 | NOTE | |
r-devel-linux-x86_64-debian-gcc | 2.13.0 | 21.07 | 185.12 | 206.19 | NOTE | |
r-devel-linux-x86_64-fedora-clang | 2.13.0 | 360.48 | NOTE | |||
r-devel-linux-x86_64-fedora-gcc | 2.13.0 | 361.74 | NOTE | |||
r-devel-windows-x86_64 | 2.13.0 | 25.00 | 269.00 | 294.00 | NOTE | |
r-patched-linux-x86_64 | 2.13.0 | 50.81 | 245.78 | 296.59 | NOTE | |
r-release-linux-x86_64 | 2.13.0 | 22.03 | 243.05 | 265.08 | OK | |
r-release-macos-arm64 | 2.13.0 | 111.00 | OK | |||
r-release-macos-x86_64 | 2.13.0 | 171.00 | NOTE | |||
r-release-windows-x86_64 | 2.13.0 | 33.00 | 321.00 | 354.00 | OK | |
r-oldrel-macos-arm64 | 2.13.0 | 90.00 | OK | |||
r-oldrel-windows-x86_64 | 2.13.0 | 37.00 | 221.00 | 258.00 | OK |
Version: 2.13.0
Check: Rd files
Result: NOTE
checkRd: (-1) image_load.Rd:20: Lost braces
20 | \item{color_mode}{One of {\code{"grayscale"}, \code{"rgb"}, \code{"rgba"}}.
| ^
checkRd: (-1) k_placeholder.Rd:19: Lost braces
19 | \item{ndim}{Number of axes of the tensor. At least one of {\code{shape}, \code{ndim}}
| ^
checkRd: (-1) metric_auc.Rd:40: Lost braces; missing escapes or markup?
40 | to {-epsilon, 1+epsilon} for a small positive epsilon value will be
| ^
Flavors: r-devel-linux-x86_64-debian-clang, r-devel-linux-x86_64-debian-gcc, r-devel-linux-x86_64-fedora-clang, r-devel-linux-x86_64-fedora-gcc, r-devel-windows-x86_64, r-patched-linux-x86_64
Version: 2.13.0
Check: installed package size
Result: NOTE
installed size is 5.4Mb
sub-directories of 1Mb or more:
doc 2.0Mb
help 2.4Mb
Flavor: r-release-macos-x86_64