Last updated on 2023-09-22 05:53:42 CEST.
Flavor | Version | Tinstall | Tcheck | Ttotal | Status | Flags |
---|---|---|---|---|---|---|
r-devel-linux-x86_64-debian-clang | 0.5.5 | 21.17 | 121.80 | 142.97 | NOTE | |
r-devel-linux-x86_64-debian-gcc | 0.5.5 | 16.35 | 87.21 | 103.56 | NOTE | |
r-devel-linux-x86_64-fedora-clang | 0.5.5 | 170.16 | NOTE | |||
r-devel-linux-x86_64-fedora-gcc | 0.5.5 | 166.68 | NOTE | |||
r-devel-windows-x86_64 | 0.5.5 | 24.00 | 125.00 | 149.00 | NOTE | |
r-patched-linux-x86_64 | 0.5.5 | 14.89 | 115.65 | 130.54 | OK | |
r-release-linux-x86_64 | 0.5.5 | 13.05 | 115.69 | 128.74 | OK | |
r-release-macos-arm64 | 0.5.5 | 50.00 | OK | |||
r-release-macos-x86_64 | 0.5.5 | 90.00 | OK | |||
r-release-windows-x86_64 | 0.5.5 | 29.00 | 148.00 | 177.00 | OK | |
r-oldrel-macos-arm64 | 0.5.5 | 46.00 | OK | |||
r-oldrel-macos-x86_64 | 0.5.5 | 72.00 | OK | |||
r-oldrel-windows-x86_64 | 0.5.5 | 31.00 | 144.00 | 175.00 | OK |
Version: 0.5.5
Check: Rd contents
Result: NOTE
Argument items with no description in Rd object 'covQualNested':
‘covBet’
Flavors: r-devel-linux-x86_64-debian-clang, r-devel-linux-x86_64-debian-gcc, r-devel-linux-x86_64-fedora-clang, r-devel-linux-x86_64-fedora-gcc, r-devel-windows-x86_64