Last updated on 2023-06-05 16:54:58 CEST.
Flavor | Version | Tinstall | Tcheck | Ttotal | Status | Flags |
---|---|---|---|---|---|---|
r-devel-linux-x86_64-debian-clang | 0.1 | 5.32 | 65.85 | 71.17 | NOTE | |
r-devel-linux-x86_64-debian-gcc | 0.1 | 5.10 | 49.19 | 54.29 | NOTE | |
r-devel-linux-x86_64-fedora-clang | 0.1 | 96.38 | NOTE | |||
r-devel-linux-x86_64-fedora-gcc | 0.1 | 86.79 | NOTE | |||
r-devel-windows-x86_64 | 0.1 | 8.00 | 70.00 | 78.00 | NOTE | |
r-patched-linux-x86_64 | 0.1 | 5.74 | 60.02 | 65.76 | NOTE | |
r-release-linux-x86_64 | 0.1 | 5.16 | 60.68 | 65.84 | NOTE | |
r-release-macos-arm64 | 0.1 | 33.00 | NOTE | |||
r-release-macos-x86_64 | 0.1 | 46.00 | NOTE | |||
r-release-windows-x86_64 | 0.1 | 10.00 | 80.00 | 90.00 | NOTE | |
r-oldrel-macos-arm64 | 0.1 | 31.00 | NOTE | |||
r-oldrel-macos-x86_64 | 0.1 | 51.00 | NOTE | |||
r-oldrel-windows-x86_64 | 0.1 | 9.00 | 80.00 | 89.00 | NOTE |
Version: 0.1
Check: LazyData
Result: NOTE
'LazyData' is specified without a 'data' directory
Flavors: r-devel-linux-x86_64-debian-clang, r-devel-linux-x86_64-debian-gcc, r-devel-linux-x86_64-fedora-clang, r-devel-linux-x86_64-fedora-gcc, r-devel-windows-x86_64, r-patched-linux-x86_64, r-release-linux-x86_64, r-release-macos-arm64, r-release-macos-x86_64, r-release-windows-x86_64, r-oldrel-macos-arm64, r-oldrel-macos-x86_64, r-oldrel-windows-x86_64