Last updated on 2024-04-19 01:04:38 CEST.
Flavor | Version | Tinstall | Tcheck | Ttotal | Status | Flags |
---|---|---|---|---|---|---|
r-devel-linux-x86_64-debian-clang | 0.4.0 | 1.64 | 26.01 | 27.65 | NOTE | |
r-devel-linux-x86_64-debian-gcc | 0.4.0 | 1.66 | 20.72 | 22.38 | NOTE | |
r-devel-linux-x86_64-fedora-clang | 0.4.0 | 38.06 | NOTE | |||
r-devel-linux-x86_64-fedora-gcc | 0.4.0 | 48.14 | NOTE | |||
r-prerel-macos-arm64 | 0.4.0 | 23.00 | NOTE | |||
r-prerel-windows-x86_64 | 0.4.0 | 4.00 | 47.00 | 51.00 | NOTE | |
r-patched-linux-x86_64 | 0.4.0 | 2.20 | 25.63 | 27.83 | NOTE | |
r-release-linux-x86_64 | 0.4.0 | 1.28 | 24.47 | 25.75 | NOTE | |
r-release-macos-arm64 | 0.4.0 | 25.00 | NOTE | |||
r-release-macos-x86_64 | 0.4.0 | 32.00 | NOTE | |||
r-release-windows-x86_64 | 0.4.0 | 3.00 | 44.00 | 47.00 | NOTE | |
r-oldrel-macos-arm64 | 0.4.0 | 18.00 | NOTE | |||
r-oldrel-windows-x86_64 | 0.4.0 | 4.00 | 48.00 | 52.00 | NOTE |
Version: 0.4.0
Check: LazyData
Result: NOTE
'LazyData' is specified without a 'data' directory
Flavors: r-devel-linux-x86_64-debian-clang, r-devel-linux-x86_64-debian-gcc, r-devel-linux-x86_64-fedora-clang, r-devel-linux-x86_64-fedora-gcc, r-prerel-macos-arm64, r-prerel-windows-x86_64, r-patched-linux-x86_64, r-release-linux-x86_64, r-release-macos-arm64, r-release-macos-x86_64, r-release-windows-x86_64, r-oldrel-macos-arm64, r-oldrel-windows-x86_64