CRAN Package Check Results for Package keys

Last updated on 2021-09-26 20:49:11 CEST.

Flavor Version Tinstall Tcheck Ttotal Status Flags
r-devel-linux-x86_64-debian-clang 0.1.1 2.31 27.82 30.13 OK
r-devel-linux-x86_64-debian-gcc 0.1.1 1.95 22.05 24.00 OK
r-devel-linux-x86_64-fedora-clang 0.1.1 45.96 NOTE
r-devel-linux-x86_64-fedora-gcc 0.1.1 34.92 NOTE
r-devel-windows-x86_64 0.1.1 4.00 40.00 44.00 OK
r-devel-windows-x86_64-gcc10-UCRT 0.1.1 NOTE
r-patched-linux-x86_64 0.1.1 2.43 26.89 29.32 OK
r-patched-solaris-x86 0.1.1 55.50 NOTE
r-release-linux-x86_64 0.1.1 1.97 26.36 28.33 OK
r-release-macos-arm64 0.1.1 NOTE
r-release-macos-x86_64 0.1.1 NOTE
r-release-windows-ix86+x86_64 0.1.1 6.00 35.00 41.00 OK
r-oldrel-macos-x86_64 0.1.1 NOTE
r-oldrel-windows-ix86+x86_64 0.1.1 5.00 32.00 37.00 OK

Check Details

Version: 0.1.1
Check: dependencies in R code
Result: NOTE
    Namespace in Imports field not imported from: ‘shiny’
     All declared Imports should be used.
Flavors: r-devel-linux-x86_64-fedora-clang, r-devel-linux-x86_64-fedora-gcc, r-devel-windows-x86_64-gcc10-UCRT, r-patched-solaris-x86, r-release-macos-arm64, r-release-macos-x86_64, r-oldrel-macos-x86_64