Last updated on 2024-04-18 16:49:58 CEST.
Flavor | Version | Tinstall | Tcheck | Ttotal | Status | Flags |
---|---|---|---|---|---|---|
r-devel-linux-x86_64-debian-clang | 1.0-4 | 33.97 | 269.21 | 303.18 | NOTE | |
r-devel-linux-x86_64-debian-gcc | 1.0-4 | 22.95 | 197.29 | 220.24 | NOTE | |
r-devel-linux-x86_64-fedora-clang | 1.0-4 | 379.56 | NOTE | |||
r-devel-linux-x86_64-fedora-gcc | 1.0-4 | 360.68 | NOTE | |||
r-prerel-macos-arm64 | 1.0-4 | 78.00 | NOTE | |||
r-prerel-windows-x86_64 | 1.0-4 | 25.00 | 163.00 | 188.00 | NOTE | |
r-patched-linux-x86_64 | 1.0-4 | 25.84 | 259.70 | 285.54 | NOTE | |
r-release-linux-x86_64 | 1.0-4 | 30.53 | 268.26 | 298.79 | OK | |
r-release-macos-arm64 | 1.0-4 | 83.00 | OK | |||
r-release-macos-x86_64 | 1.0-4 | 158.00 | OK | |||
r-release-windows-x86_64 | 1.0-4 | 36.00 | 216.00 | 252.00 | OK | |
r-oldrel-macos-arm64 | 1.0-4 | 78.00 | OK | |||
r-oldrel-windows-x86_64 | 1.0-4 | 35.00 | 218.00 | 253.00 | OK |
Version: 1.0-4
Check: Rd files
Result: NOTE
checkRd: (-1) kissmig.Rd:32: Lost braces
32 | migration in species distribution models (\doi{10.1111/ecog.00930}{Nobis and Normand 2014}).
| ^
checkRd: (-1) kissmig.Rd:86: Lost braces
86 | \item{\doi{10.1111/ecog.00930}{Nobis MP and Normand S (2014)} KISSMig - a simple model for R to account for
| ^
Flavors: r-devel-linux-x86_64-debian-clang, r-devel-linux-x86_64-debian-gcc, r-devel-linux-x86_64-fedora-clang, r-devel-linux-x86_64-fedora-gcc, r-prerel-macos-arm64, r-prerel-windows-x86_64, r-patched-linux-x86_64