Last updated on 2024-04-19 01:04:38 CEST.
Flavor | Version | Tinstall | Tcheck | Ttotal | Status | Flags |
---|---|---|---|---|---|---|
r-devel-linux-x86_64-debian-clang | 0.1.0 | 3.22 | 243.09 | 246.31 | NOTE | |
r-devel-linux-x86_64-debian-gcc | 0.1.0 | 2.03 | 167.42 | 169.45 | NOTE | |
r-devel-linux-x86_64-fedora-clang | 0.1.0 | 289.07 | NOTE | |||
r-devel-linux-x86_64-fedora-gcc | 0.1.0 | 295.12 | NOTE | |||
r-prerel-macos-arm64 | 0.1.0 | 80.00 | NOTE | |||
r-prerel-windows-x86_64 | 0.1.0 | 4.00 | 197.00 | 201.00 | NOTE | |
r-patched-linux-x86_64 | 0.1.0 | 2.86 | 228.64 | 231.50 | NOTE | |
r-release-linux-x86_64 | 0.1.0 | 1.85 | 222.30 | 224.15 | NOTE | |
r-release-macos-arm64 | 0.1.0 | 87.00 | NOTE | |||
r-release-macos-x86_64 | 0.1.0 | 159.00 | NOTE | |||
r-release-windows-x86_64 | 0.1.0 | 4.00 | 234.00 | 238.00 | NOTE | |
r-oldrel-macos-arm64 | 0.1.0 | 77.00 | NOTE | |||
r-oldrel-windows-x86_64 | 0.1.0 | 5.00 | 238.00 | 243.00 | NOTE |
Version: 0.1.0
Check: LazyData
Result: NOTE
'LazyData' is specified without a 'data' directory
Flavors: r-devel-linux-x86_64-debian-clang, r-devel-linux-x86_64-debian-gcc, r-devel-linux-x86_64-fedora-clang, r-devel-linux-x86_64-fedora-gcc, r-prerel-macos-arm64, r-prerel-windows-x86_64, r-patched-linux-x86_64, r-release-linux-x86_64, r-release-macos-arm64, r-release-macos-x86_64, r-release-windows-x86_64, r-oldrel-macos-arm64, r-oldrel-windows-x86_64
Version: 0.1.0
Check: dependencies in R code
Result: NOTE
Namespaces in Imports field not imported from:
‘Rcpp’ ‘SnowballC’ ‘stringi’
All declared Imports should be used.
Flavors: r-devel-linux-x86_64-fedora-clang, r-devel-linux-x86_64-fedora-gcc