Last updated on 2024-03-28 23:55:10 CET.
Flavor | Version | Tinstall | Tcheck | Ttotal | Status | Flags |
---|---|---|---|---|---|---|
r-devel-linux-x86_64-debian-clang | 0.4-2 | 31.43 | 81.43 | 112.86 | NOTE | |
r-devel-linux-x86_64-debian-gcc | 0.4-2 | 23.39 | 62.49 | 85.88 | NOTE | |
r-devel-linux-x86_64-fedora-clang | 0.4-2 | 147.38 | NOTE | |||
r-devel-linux-x86_64-fedora-gcc | 0.4-2 | 142.94 | NOTE | |||
r-devel-windows-x86_64 | 0.4-2 | 29.00 | 92.00 | 121.00 | NOTE | |
r-patched-linux-x86_64 | 0.4-2 | 28.46 | 79.23 | 107.69 | NOTE | |
r-release-linux-x86_64 | 0.4-2 | 29.51 | 79.57 | 109.08 | OK | |
r-release-macos-arm64 | 0.4-2 | 35.00 | OK | |||
r-release-macos-x86_64 | 0.4-2 | 71.00 | OK | |||
r-release-windows-x86_64 | 0.4-2 | 34.00 | 110.00 | 144.00 | OK | |
r-oldrel-macos-arm64 | 0.4-2 | 41.00 | OK | |||
r-oldrel-windows-x86_64 | 0.4-2 | 31.00 | 112.00 | 143.00 | OK |
Version: 0.4-2
Check: Rd files
Result: NOTE
checkRd: (-1) plotkmc.Rd:21: Lost braces; missing escapes or markup?
21 | list of two functions,flist=list( f1=function( x ) { x } ,f2=function( x ) { x^2 } )
| ^
checkRd: (-1) plotkmc.Rd:21: Lost braces; missing escapes or markup?
21 | list of two functions,flist=list( f1=function( x ) { x } ,f2=function( x ) { x^2 } )
| ^
Flavors: r-devel-linux-x86_64-debian-clang, r-devel-linux-x86_64-debian-gcc, r-devel-linux-x86_64-fedora-clang, r-devel-linux-x86_64-fedora-gcc, r-devel-windows-x86_64, r-patched-linux-x86_64