Last updated on 2024-04-26 16:54:48 CEST.
Flavor | Version | Tinstall | Tcheck | Ttotal | Status | Flags |
---|---|---|---|---|---|---|
r-devel-linux-x86_64-debian-clang | 1.0 | 45.11 | 70.35 | 115.46 | NOTE | |
r-devel-linux-x86_64-debian-gcc | 1.0 | 33.59 | 51.83 | 85.42 | NOTE | |
r-devel-linux-x86_64-fedora-clang | 1.0 | 156.20 | NOTE | |||
r-devel-linux-x86_64-fedora-gcc | 1.0 | 149.09 | NOTE | |||
r-devel-windows-x86_64 | 1.0 | 35.00 | 81.00 | 116.00 | NOTE | |
r-patched-linux-x86_64 | 1.0 | 38.88 | 65.04 | 103.92 | NOTE | |
r-release-linux-x86_64 | 1.0 | 42.28 | 69.52 | 111.80 | NOTE | |
r-release-macos-arm64 | 1.0 | 39.00 | NOTE | |||
r-release-windows-x86_64 | 1.0 | 34.00 | 84.00 | 118.00 | NOTE | |
r-oldrel-macos-arm64 | 1.0 | 44.00 | NOTE | |||
r-oldrel-macos-x86_64 | 1.0 | 72.00 | NOTE | |||
r-oldrel-windows-x86_64 | 1.0 | 43.00 | 98.00 | 141.00 | NOTE |
Version: 1.0
Check: C++ specification
Result: NOTE
Specified C++11: please drop specification unless essential
Flavors: r-devel-linux-x86_64-debian-clang, r-devel-linux-x86_64-debian-gcc, r-devel-linux-x86_64-fedora-clang, r-devel-linux-x86_64-fedora-gcc, r-devel-windows-x86_64, r-patched-linux-x86_64, r-release-linux-x86_64, r-release-macos-arm64, r-release-windows-x86_64, r-oldrel-macos-arm64, r-oldrel-macos-x86_64, r-oldrel-windows-x86_64