Last updated on 2024-03-28 23:55:10 CET.
Flavor | Version | Tinstall | Tcheck | Ttotal | Status | Flags |
---|---|---|---|---|---|---|
r-devel-linux-x86_64-debian-clang | 0.3.6 | 4.00 | 150.14 | 154.14 | NOTE | |
r-devel-linux-x86_64-debian-gcc | 0.3.6 | 3.02 | 116.28 | 119.30 | NOTE | |
r-devel-linux-x86_64-fedora-clang | 0.3.6 | 187.97 | NOTE | |||
r-devel-linux-x86_64-fedora-gcc | 0.3.6 | 212.06 | NOTE | |||
r-devel-windows-x86_64 | 0.3.6 | 4.00 | 175.00 | 179.00 | NOTE | |
r-patched-linux-x86_64 | 0.3.6 | 5.18 | 149.47 | 154.65 | NOTE | |
r-release-linux-x86_64 | 0.3.6 | 3.97 | 148.83 | 152.80 | OK | |
r-release-macos-arm64 | 0.3.6 | 71.00 | OK | |||
r-release-macos-x86_64 | 0.3.6 | 115.00 | OK | |||
r-release-windows-x86_64 | 0.3.6 | 6.00 | 209.00 | 215.00 | OK | |
r-oldrel-macos-arm64 | 0.3.6 | 68.00 | OK | |||
r-oldrel-windows-x86_64 | 0.3.6 | 5.00 | 218.00 | 223.00 | OK |
Version: 0.3.6
Check: Rd files
Result: NOTE
checkRd: (-1) knockoff.Rd:22-24: Lost braces in \itemize; meant \describe ?
checkRd: (-1) knockoff.Rd:25-27: Lost braces in \itemize; meant \describe ?
Flavors: r-devel-linux-x86_64-debian-clang, r-devel-linux-x86_64-debian-gcc, r-devel-linux-x86_64-fedora-clang, r-devel-linux-x86_64-fedora-gcc, r-devel-windows-x86_64, r-patched-linux-x86_64