Last updated on 2024-03-28 15:49:51 CET.
Flavor | Version | Tinstall | Tcheck | Ttotal | Status | Flags |
---|---|---|---|---|---|---|
r-devel-linux-x86_64-debian-clang | 0.0.1 | 8.15 | 74.96 | 83.11 | NOTE | |
r-devel-linux-x86_64-debian-gcc | 0.0.1 | 6.39 | 56.07 | 62.46 | NOTE | |
r-devel-linux-x86_64-fedora-clang | 0.0.1 | 101.15 | NOTE | |||
r-devel-linux-x86_64-fedora-gcc | 0.0.1 | 99.39 | NOTE | |||
r-devel-windows-x86_64 | 0.0.1 | 8.00 | 69.00 | 77.00 | NOTE | |
r-patched-linux-x86_64 | 0.0.1 | 5.39 | 73.13 | 78.52 | NOTE | |
r-release-linux-x86_64 | 0.0.1 | 8.58 | 71.98 | 80.56 | NOTE | |
r-release-macos-arm64 | 0.0.1 | 35.00 | NOTE | |||
r-release-macos-x86_64 | 0.0.1 | 55.00 | NOTE | |||
r-release-windows-x86_64 | 0.0.1 | 10.00 | 81.00 | 91.00 | NOTE | |
r-oldrel-macos-arm64 | 0.0.1 | 33.00 | NOTE | |||
r-oldrel-windows-x86_64 | 0.0.1 | 10.00 | 86.00 | 96.00 | NOTE |
Version: 0.0.1
Check: LazyData
Result: NOTE
'LazyData' is specified without a 'data' directory
Flavors: r-devel-linux-x86_64-debian-clang, r-devel-linux-x86_64-debian-gcc, r-devel-linux-x86_64-fedora-clang, r-devel-linux-x86_64-fedora-gcc, r-devel-windows-x86_64, r-patched-linux-x86_64, r-release-linux-x86_64, r-release-macos-arm64, r-release-macos-x86_64, r-release-windows-x86_64, r-oldrel-macos-arm64, r-oldrel-windows-x86_64