Last updated on 2023-12-07 20:48:41 CET.
Flavor | Version | Tinstall | Tcheck | Ttotal | Status | Flags |
---|---|---|---|---|---|---|
r-devel-linux-x86_64-debian-clang | 1.73 | 6.35 | 73.37 | 79.72 | OK | |
r-devel-linux-x86_64-debian-gcc | 1.73 | 5.67 | 55.77 | 61.44 | OK | |
r-devel-linux-x86_64-fedora-clang | 1.73 | 100.43 | NOTE | |||
r-devel-linux-x86_64-fedora-gcc | 1.73 | 109.75 | NOTE | |||
r-devel-windows-x86_64 | 1.73 | 7.00 | 108.00 | 115.00 | OK | |
r-patched-linux-x86_64 | 1.73 | 9.21 | 72.48 | 81.69 | OK | |
r-release-linux-x86_64 | 1.73 | 7.50 | 71.54 | 79.04 | OK | |
r-release-macos-arm64 | 1.73 | 55.00 | OK | |||
r-release-macos-x86_64 | 1.73 | 130.00 | OK | |||
r-release-windows-x86_64 | 1.73 | 10.00 | 110.00 | 120.00 | OK | |
r-oldrel-macos-arm64 | 1.73 | 43.00 | OK | |||
r-oldrel-macos-x86_64 | 1.73 | 50.00 | OK | |||
r-oldrel-windows-x86_64 | 1.73 | 9.00 | 111.00 | 120.00 | OK |
Version: 1.73
Check: dependencies in R code
Result: NOTE
Namespace in Imports field not imported from: ‘RUnit’
All declared Imports should be used.
Flavors: r-devel-linux-x86_64-fedora-clang, r-devel-linux-x86_64-fedora-gcc