Last updated on 2023-09-25 09:04:51 CEST.
Flavor | Version | Tinstall | Tcheck | Ttotal | Status | Flags |
---|---|---|---|---|---|---|
r-devel-linux-x86_64-debian-clang | 1.0.5 | 4.77 | 47.29 | 52.06 | OK | |
r-devel-linux-x86_64-debian-gcc | 1.0.5 | 3.93 | 35.92 | 39.85 | OK | |
r-devel-linux-x86_64-fedora-clang | 1.0.5 | 64.25 | NOTE | |||
r-devel-linux-x86_64-fedora-gcc | 1.0.5 | 76.84 | NOTE | |||
r-devel-windows-x86_64 | 1.0.5 | 6.00 | 61.00 | 67.00 | OK | |
r-patched-linux-x86_64 | 1.0.5 | 3.55 | 45.40 | 48.95 | OK | |
r-release-linux-x86_64 | 1.0.5 | 3.08 | 45.49 | 48.57 | OK | |
r-release-macos-arm64 | 1.0.5 | 28.00 | OK | |||
r-release-macos-x86_64 | 1.0.5 | 37.00 | OK | |||
r-release-windows-x86_64 | 1.0.5 | 6.00 | 65.00 | 71.00 | OK | |
r-oldrel-macos-arm64 | 1.0.5 | 30.00 | NOTE | |||
r-oldrel-macos-x86_64 | 1.0.5 | 37.00 | NOTE | |||
r-oldrel-windows-x86_64 | 1.0.5 | 7.00 | 67.00 | 74.00 | OK |
Version: 1.0.5
Check: dependencies in R code
Result: NOTE
Namespace in Imports field not imported from: ‘stringr’
All declared Imports should be used.
Flavors: r-devel-linux-x86_64-fedora-clang, r-devel-linux-x86_64-fedora-gcc, r-oldrel-macos-arm64, r-oldrel-macos-x86_64