CRAN Package Check Results for Package lacunaritycovariance

Last updated on 2021-12-02 08:51:13 CET.

Flavor Version Tinstall Tcheck Ttotal Status Flags
r-devel-linux-x86_64-debian-clang 1.1-2 10.22 188.35 198.57 OK
r-devel-linux-x86_64-debian-gcc 1.1-2 8.28 144.27 152.55 ERROR
r-devel-linux-x86_64-fedora-clang 1.1-2 247.30 OK
r-devel-linux-x86_64-fedora-gcc 1.1-2 236.19 OK
r-devel-windows-x86_64-new-UL 1.1-2 24.00 291.00 315.00 OK
r-devel-windows-x86_64-new-TK 1.1-2 OK
r-devel-windows-x86_64-old 1.1-2 16.00 219.00 235.00 OK
r-patched-linux-x86_64 1.1-2 16.13 180.28 196.41 OK
r-patched-solaris-x86 1.1-2 449.40 OK
r-release-linux-x86_64 1.1-2 8.79 184.81 193.60 OK
r-release-macos-arm64 1.1-2 OK
r-release-macos-x86_64 1.1-2 OK
r-release-windows-ix86+x86_64 1.1-2 22.00 267.00 289.00 OK
r-oldrel-macos-x86_64 1.1-2 OK
r-oldrel-windows-ix86+x86_64 1.1-2 23.00 269.00 292.00 OK

Check Details

Version: 1.1-2
Check: tests
Result: ERROR
     Running ‘run_testthattests.R’ [58s/86s]
    Running the tests in ‘tests/run_testthattests.R’ failed.
    Complete output:
     > library(testthat)
     > #library(lacunaritycovariance)
     > test_check("lacunaritycovariance")
     Loading required package: lacunaritycovariance
     Loading required package: spatstat
     Loading required package: spatstat.data
     Loading required package: spatstat.geom
     spatstat.geom 2.3-0
     Loading required package: spatstat.core
     Loading required package: nlme
     Loading required package: rpart
     spatstat.core 2.3-2
     Loading required package: spatstat.linnet
     spatstat.linnet 2.3-0
    
     spatstat 2.2-0 (nickname: 'That's not important right now')
     For an introduction to spatstat, type 'beginner'
    
     ══ Skipped tests ═══════════════════════════════════════════════════════════════
     • On CRAN (14)
    
     ══ Failed tests ════════════════════════════════════════════════════════════════
     ── Failure (test-rbpto.R:38:3): rbpto generates simulations that match covariance for big window ──
     mean(abs(cvc.diff)) is not strictly less than cp * cvcreltol * 1.5. Difference: 0.0259
    
     [ FAIL 1 | WARN 0 | SKIP 14 | PASS 123 ]
     Error: Test failures
     Execution halted
Flavor: r-devel-linux-x86_64-debian-gcc