CRAN Package Check Results for Package lamW

Last updated on 2021-05-06 01:47:54 CEST.

Flavor Version Tinstall Tcheck Ttotal Status Flags
r-devel-linux-x86_64-debian-clang 2.0.0 19.86 28.94 48.80 NOTE
r-devel-linux-x86_64-debian-gcc 2.0.0 12.36 22.53 34.89 NOTE
r-devel-linux-x86_64-fedora-clang 2.0.0 74.65 NOTE
r-devel-linux-x86_64-fedora-gcc 2.0.0 59.16 NOTE
r-devel-windows-ix86+x86_64 2.0.0 43.00 70.00 113.00 NOTE
r-devel-windows-x86_64-gcc10-UCRT 2.0.0 NOTE
r-patched-linux-x86_64 2.0.0 15.37 27.73 43.10 NOTE
r-patched-solaris-x86 2.0.0 75.20 NOTE
r-release-linux-x86_64 2.0.0 14.89 27.26 42.15 NOTE
r-release-macos-x86_64 2.0.0 NOTE
r-release-windows-ix86+x86_64 2.0.0 37.00 56.00 93.00 NOTE
r-oldrel-macos-x86_64 2.0.0 NOTE
r-oldrel-windows-ix86+x86_64 2.0.0 46.00 65.00 111.00 NOTE

Check Details

Version: 2.0.0
Check: for GNU extensions in Makefiles
Result: NOTE
    GNU make is a SystemRequirements.
Flavors: r-devel-linux-x86_64-debian-clang, r-devel-linux-x86_64-debian-gcc, r-devel-linux-x86_64-fedora-clang, r-devel-linux-x86_64-fedora-gcc, r-devel-windows-ix86+x86_64, r-devel-windows-x86_64-gcc10-UCRT, r-patched-linux-x86_64, r-patched-solaris-x86, r-release-linux-x86_64, r-release-macos-x86_64, r-release-windows-ix86+x86_64, r-oldrel-macos-x86_64, r-oldrel-windows-ix86+x86_64

Version: 2.0.0
Check: Rd cross-references
Result: NOTE
    Undeclared package ‘gsl’ in Rd xrefs
Flavor: r-devel-linux-x86_64-fedora-clang