Last updated on 2023-06-02 16:57:07 CEST.
Flavor | Version | Tinstall | Tcheck | Ttotal | Status | Flags |
---|---|---|---|---|---|---|
r-devel-linux-x86_64-debian-clang | 1.2 | 21.03 | 69.63 | 90.66 | NOTE | |
r-devel-linux-x86_64-debian-gcc | 1.2 | 14.79 | 53.57 | 68.36 | NOTE | |
r-devel-linux-x86_64-fedora-clang | 1.2 | 121.41 | NOTE | |||
r-devel-linux-x86_64-fedora-gcc | 1.2 | 124.96 | NOTE | |||
r-devel-windows-x86_64 | 1.2 | 19.00 | 88.00 | 107.00 | NOTE | |
r-patched-linux-x86_64 | 1.2 | NOTE | ||||
r-release-linux-x86_64 | 1.2 | 19.89 | 68.09 | 87.98 | NOTE | |
r-release-macos-arm64 | 1.2 | 46.00 | NOTE | |||
r-release-macos-x86_64 | 1.2 | 69.00 | NOTE | |||
r-release-windows-x86_64 | 1.2 | 24.00 | 105.00 | 129.00 | NOTE | |
r-oldrel-macos-arm64 | 1.2 | 37.00 | NOTE | |||
r-oldrel-macos-x86_64 | 1.2 | 45.00 | NOTE | |||
r-oldrel-windows-x86_64 | 1.2 | 22.00 | 105.00 | 127.00 | NOTE |
Version: 1.2
Check: LazyData
Result: NOTE
'LazyData' is specified without a 'data' directory
Flavors: r-devel-linux-x86_64-debian-clang, r-devel-linux-x86_64-debian-gcc, r-devel-linux-x86_64-fedora-clang, r-devel-linux-x86_64-fedora-gcc, r-devel-windows-x86_64, r-patched-linux-x86_64, r-release-linux-x86_64, r-release-macos-arm64, r-release-macos-x86_64, r-release-windows-x86_64, r-oldrel-macos-arm64, r-oldrel-macos-x86_64, r-oldrel-windows-x86_64