Last updated on 2024-03-27 23:59:47 CET.
Flavor | Version | Tinstall | Tcheck | Ttotal | Status | Flags |
---|---|---|---|---|---|---|
r-devel-linux-x86_64-debian-clang | 0.1.2 | 2.36 | 24.28 | 26.64 | NOTE | |
r-devel-linux-x86_64-debian-gcc | 0.1.2 | 1.73 | 19.20 | 20.93 | NOTE | |
r-devel-linux-x86_64-fedora-clang | 0.1.2 | 33.09 | NOTE | |||
r-devel-linux-x86_64-fedora-gcc | 0.1.2 | 32.19 | NOTE | |||
r-devel-windows-x86_64 | 0.1.2 | 3.00 | 187.00 | 190.00 | ERROR | |
r-patched-linux-x86_64 | 0.1.2 | 2.37 | 24.18 | 26.55 | NOTE | |
r-release-linux-x86_64 | 0.1.2 | 2.35 | 23.04 | 25.39 | NOTE | |
r-release-macos-arm64 | 0.1.2 | 16.00 | NOTE | |||
r-release-macos-x86_64 | 0.1.2 | 20.00 | NOTE | |||
r-release-windows-x86_64 | 0.1.2 | 4.00 | 45.00 | 49.00 | NOTE | |
r-oldrel-macos-arm64 | 0.1.2 | 16.00 | NOTE | |||
r-oldrel-windows-x86_64 | 0.1.2 | 7.00 | 45.00 | 52.00 | NOTE |
Version: 0.1.2
Check: LazyData
Result: NOTE
'LazyData' is specified without a 'data' directory
Flavors: r-devel-linux-x86_64-debian-clang, r-devel-linux-x86_64-debian-gcc, r-devel-linux-x86_64-fedora-clang, r-devel-linux-x86_64-fedora-gcc, r-devel-windows-x86_64, r-patched-linux-x86_64, r-release-linux-x86_64, r-release-macos-arm64, r-release-macos-x86_64, r-release-windows-x86_64, r-oldrel-macos-arm64, r-oldrel-windows-x86_64
Version: 0.1.2
Check: tests
Result: ERROR
Running 'test-deployment.R' [1s]
Running 'test-unit.R' [148s]
Running the tests in 'tests/test-unit.R' failed.
Complete output:
> if (requireNamespace("tinytest", quietly = TRUE)) {
+ tinytest::test_package(
+ "languageserversetup",
+ testdir = "test-unit"
+ )
+ }
test_get_docall_args.R........ 0 tests
test_get_docall_args.R........ 0 tests
test_get_docall_args.R........ 1 tests <1b>[0;32mOK<1b>[0m
test_get_docall_args.R........ 2 tests <1b>[0;32mOK<1b>[0m
test_get_docall_args.R........ 3 tests <1b>[0;32mOK<1b>[0m
test_get_docall_args.R........ 4 tests <1b>[0;32mOK<1b>[0m
test_get_docall_args.R........ 4 tests <1b>[0;32mOK<1b>[0m
test_get_docall_args.R........ 5 tests <1b>[0;32mOK<1b>[0m
test_get_docall_args.R........ 6 tests <1b>[0;32mOK<1b>[0m
test_get_docall_args.R........ 7 tests <1b>[0;32mOK<1b>[0m
test_get_docall_args.R........ 8 tests <1b>[0;32mOK<1b>[0m
test_get_docall_args.R........ 8 tests <1b>[0;32mOK<1b>[0m
test_get_docall_args.R........ 9 tests <1b>[0;32mOK<1b>[0m
test_get_docall_args.R........ 10 tests <1b>[0;32mOK<1b>[0m
test_get_docall_args.R........ 11 tests <1b>[0;32mOK<1b>[0m
test_get_docall_args.R........ 12 tests <1b>[0;32mOK<1b>[0m <1b>[0;36m75ms<1b>[0m
test_get_process.R............ 1 tests <1b>[0;32mOK<1b>[0m
test_get_process.R............ 2 tests <1b>[0;32mOK<1b>[0m
test_get_process.R............ 3 tests <1b>[0;32mOK<1b>[0m
test_get_process.R............ 4 tests <1b>[0;32mOK<1b>[0m
test_get_process.R............ 5 tests <1b>[0;32mOK<1b>[0m
test_get_process.R............ 6 tests <1b>[0;32mOK<1b>[0m
test_get_process.R............ 7 tests <1b>[0;32mOK<1b>[0m
test_get_process.R............ 8 tests <1b>[0;32mOK<1b>[0m
test_get_process.R............ 9 tests <1b>[0;32mOK<1b>[0m
test_get_process.R............ 10 tests <1b>[0;32mOK<1b>[0m
test_get_process.R............ 11 tests <1b>[0;32mOK<1b>[0m
test_get_process.R............ 12 tests <1b>[0;32mOK<1b>[0m
test_get_process.R............ 13 tests <1b>[0;32mOK<1b>[0m
test_get_process.R............ 14 tests <1b>[0;32mOK<1b>[0m
test_get_process.R............ 15 tests <1b>[0;32mOK<1b>[0m
test_get_process.R............ 16 tests <1b>[0;32mOK<1b>[0m
test_get_process.R............ 17 tests <1b>[0;32mOK<1b>[0m
test_get_process.R............ 18 tests <1b>[0;32mOK<1b>[0m
test_get_process.R............ 19 tests <1b>[0;32mOK<1b>[0m
test_get_process.R............ 20 tests <1b>[0;32mOK<1b>[0m <1b>[0;36m11ms<1b>[0m
test_languageserver_install.R. 0 tests
test_languageserver_install.R. 1 tests <1b>[0;32mOK<1b>[0m
test_languageserver_install.R. 2 tests <1b>[0;32mOK<1b>[0m
test_languageserver_install.R. 2 tests <1b>[0;32mOK<1b>[0m
test_languageserver_install.R. 2 tests <1b>[0;32mOK<1b>[0m
test_languageserver_install.R. 2 tests <1b>[0;32mOK<1b>[0m
test_languageserver_install.R. 3 tests <1b>[0;32mOK<1b>[0m
test_languageserver_install.R. 3 tests <1b>[0;32mOK<1b>[0m
test_languageserver_install.R. 3 tests <1b>[0;32mOK<1b>[0m
test_languageserver_install.R. 4 tests <1b>[0;32mOK<1b>[0m
test_languageserver_install.R. 5 tests <1b>[0;32mOK<1b>[0m
test_languageserver_install.R. 6 tests <1b>[0;32mOK<1b>[0m
test_languageserver_install.R. 6 tests <1b>[0;32mOK<1b>[0m
test_languageserver_install.R. 7 tests <1b>[0;32mOK<1b>[0m
test_languageserver_install.R. 7 tests <1b>[0;32mOK<1b>[0m <1b>[0;34m0.3s<1b>[0m
test_languageserver_remove.R.. 0 tests
test_languageserver_remove.R.. 0 tests
test_languageserver_remove.R.. 0 tests
test_languageserver_remove.R.. 1 tests <1b>[0;32mOK<1b>[0m
test_languageserver_remove.R.. 1 tests <1b>[0;32mOK<1b>[0m <1b>[0;36m4ms<1b>[0m
test_languageserver_startup.R. 0 tests
test_languageserver_startup.R. 0 tests
test_languageserver_startup.R. 0 tests
test_languageserver_startup.R. 0 tests
test_languageserver_startup.R. 1 tests <1b>[0;32mOK<1b>[0m
test_languageserver_startup.R. 1 tests <1b>[0;32mOK<1b>[0m
test_languageserver_startup.R. 1 tests <1b>[0;32mOK<1b>[0m This seems to be language server process. Aligning libraries.
Determined new library locations: D:\temp\RtmponUBVb/nothing-here, D:/RCompile/recent/R/library
Now .libpaths() is:
D:\temp\RtmponUBVb/nothing-here
D:/RCompile/recent/R/library
Trying to requireNamespace of languageserver.
test_languageserver_startup.R. 2 tests <1b>[0;32mOK<1b>[0m
test_languageserver_startup.R. 3 tests <1b>[0;32mOK<1b>[0m
test_languageserver_startup.R. 3 tests <1b>[0;32mOK<1b>[0m
test_languageserver_startup.R. 4 tests <1b>[0;32mOK<1b>[0m <1b>[0;34m1.6s<1b>[0m
test_utils.R.................. 1 tests <1b>[0;32mOK<1b>[0m
test_utils.R.................. 2 tests <1b>[0;32mOK<1b>[0m
test_utils.R.................. 2 tests <1b>[0;32mOK<1b>[0m
test_utils.R.................. 2 tests <1b>[0;32mOK<1b>[0m
test_utils.R.................. 3 tests <1b>[0;32mOK<1b>[0m
test_utils.R.................. 4 tests <1b>[0;32mOK<1b>[0m
test_utils.R.................. 4 tests <1b>[0;32mOK<1b>[0m
test_utils.R.................. 5 tests <1b>[0;32mOK<1b>[0m
test_utils.R.................. 5 tests <1b>[0;32mOK<1b>[0m
test_utils.R.................. 6 tests <1b>[0;32mOK<1b>[0m
test_utils.R.................. 6 tests <1b>[0;32mOK<1b>[0m
test_utils.R.................. 7 tests <1b>[0;32mOK<1b>[0m
test_utils.R.................. 8 tests <1b>[0;32mOK<1b>[0m
test_utils.R.................. 9 tests <1b>[0;32mOK<1b>[0m
test_utils.R.................. 10 tests <1b>[0;32mOK<1b>[0m
test_utils.R.................. 11 tests <1b>[0;32mOK<1b>[0m
test_utils.R.................. 11 tests <1b>[0;32mOK<1b>[0m
test_utils.R.................. 12 tests <1b>[0;32mOK<1b>[0m
test_utils.R.................. 12 tests <1b>[0;32mOK<1b>[0m
test_utils.R.................. 13 tests <1b>[0;32mOK<1b>[0m
test_utils.R.................. 13 tests <1b>[0;32mOK<1b>[0m
test_utils.R.................. 14 tests <1b>[0;32mOK<1b>[0m <1b>[0;34m1.1s<1b>[0m
All ok, 58 results (3.1s)
Warning message:
In system(command = "madeupcommand", intern = FALSE, ignore.stdout = TRUE) :
'madeupcommand' not found
>
> proc.time()
user system elapsed
0.28 0.15 3.31
Flavor: r-devel-windows-x86_64