CRAN Package Check Results for Package languageserversetup

Last updated on 2021-10-27 00:51:08 CEST.

Flavor Version Tinstall Tcheck Ttotal Status Flags
r-devel-linux-x86_64-debian-clang 0.1.2 2.40 21.55 23.95 NOTE
r-devel-linux-x86_64-debian-gcc 0.1.2 1.55 17.34 18.89 NOTE
r-devel-linux-x86_64-fedora-clang 0.1.2 40.12 NOTE
r-devel-linux-x86_64-fedora-gcc 0.1.2 29.90 NOTE
r-devel-windows-x86_64 0.1.2 4.00 44.00 48.00 NOTE
r-devel-windows-x86_64-gcc10-UCRT 0.1.2 NOTE
r-patched-linux-x86_64 0.1.2 2.02 21.23 23.25 NOTE
r-patched-solaris-x86 0.1.2 45.50 NOTE
r-release-linux-x86_64 0.1.2 1.77 20.85 22.62 NOTE
r-release-macos-arm64 0.1.2 NOTE
r-release-macos-x86_64 0.1.2 NOTE
r-release-windows-ix86+x86_64 0.1.2 5.00 35.00 40.00 NOTE
r-oldrel-macos-x86_64 0.1.2 OK
r-oldrel-windows-ix86+x86_64 0.1.2 5.00 44.00 49.00 OK

Check Details

Version: 0.1.2
Check: LazyData
Result: NOTE
     'LazyData' is specified without a 'data' directory
Flavors: r-devel-linux-x86_64-debian-clang, r-devel-linux-x86_64-debian-gcc, r-devel-linux-x86_64-fedora-clang, r-devel-linux-x86_64-fedora-gcc, r-devel-windows-x86_64, r-devel-windows-x86_64-gcc10-UCRT, r-patched-linux-x86_64, r-patched-solaris-x86, r-release-linux-x86_64, r-release-macos-arm64, r-release-macos-x86_64, r-release-windows-ix86+x86_64