CRAN Package Check Results for Package lar

Last updated on 2021-10-17 12:52:47 CEST.

Flavor Version Tinstall Tcheck Ttotal Status Flags
r-devel-linux-x86_64-debian-clang 0.1-2 11.90 107.65 119.55 OK
r-devel-linux-x86_64-debian-gcc 0.1-2 9.68 78.80 88.48 OK
r-devel-linux-x86_64-fedora-clang 0.1-2 150.11 NOTE
r-devel-linux-x86_64-fedora-gcc 0.1-2 139.30 NOTE
r-devel-windows-x86_64 0.1-2 15.00 110.00 125.00 OK
r-devel-windows-x86_64-gcc10-UCRT 0.1-2 NOTE
r-patched-linux-x86_64 0.1-2 16.42 101.23 117.65 OK
r-patched-solaris-x86 0.1-2 163.60 NOTE
r-release-linux-x86_64 0.1-2 11.04 101.48 112.52 OK
r-release-macos-arm64 0.1-2 NOTE
r-release-macos-x86_64 0.1-2 NOTE
r-release-windows-ix86+x86_64 0.1-2 23.00 108.00 131.00 OK
r-oldrel-macos-x86_64 0.1-2 NOTE
r-oldrel-windows-ix86+x86_64 0.1-2 25.00 117.00 142.00 OK

Check Details

Version: 0.1-2
Check: data for non-ASCII characters
Result: NOTE
     Note: found 6 marked UTF-8 strings
Flavors: r-devel-linux-x86_64-fedora-clang, r-devel-linux-x86_64-fedora-gcc, r-devel-windows-x86_64-gcc10-UCRT, r-patched-solaris-x86, r-release-macos-arm64, r-release-macos-x86_64, r-oldrel-macos-x86_64