Last updated on 2024-07-18 00:54:57 CEST.
Flavor | Version | Tinstall | Tcheck | Ttotal | Status | Flags |
---|---|---|---|---|---|---|
r-devel-linux-x86_64-debian-clang | 0.0.6 | 13.56 | 125.65 | 139.21 | OK | |
r-devel-linux-x86_64-debian-gcc | 0.0.6 | 13.49 | 91.96 | 105.45 | OK | |
r-devel-linux-x86_64-fedora-clang | 0.0.6 | 179.95 | OK | |||
r-devel-linux-x86_64-fedora-gcc | 0.0.6 | 164.31 | OK | |||
r-devel-windows-x86_64 | 0.0.6 | 15.00 | 110.00 | 125.00 | NOTE | |
r-patched-linux-x86_64 | 0.0.6 | 25.07 | 119.64 | 144.71 | OK | |
r-release-linux-x86_64 | 0.0.6 | 15.73 | 120.78 | 136.51 | OK | |
r-release-macos-arm64 | 0.0.6 | 44.00 | OK | |||
r-release-macos-x86_64 | 0.0.6 | 72.00 | OK | |||
r-release-windows-x86_64 | 0.0.6 | 15.00 | 112.00 | 127.00 | OK | |
r-oldrel-macos-arm64 | 0.0.6 | 52.00 | OK | |||
r-oldrel-macos-x86_64 | 0.0.6 | 81.00 | OK | |||
r-oldrel-windows-x86_64 | 0.0.6 | 20.00 | 132.00 | 152.00 | OK |
Version: 0.0.6
Check: Rd cross-references
Result: NOTE
Found the following Rd file(s) with Rd \link{} targets missing package
anchors:
ESEM.Rd: lavaan
add_population_error.Rd: bifactor
Please provide package anchors for all Rd \link{} targets not in the
package itself and the base packages.
Flavor: r-devel-windows-x86_64