CRAN Package Check Results for Package latte

Last updated on 2023-06-10 16:53:39 CEST.

Flavor Version Tinstall Tcheck Ttotal Status Flags
r-devel-linux-x86_64-debian-clang 0.2.1 9.47 70.23 79.70 NOTE
r-devel-linux-x86_64-debian-gcc 0.2.1 7.75 51.83 59.58 NOTE
r-devel-linux-x86_64-fedora-clang 0.2.1 101.22 NOTE
r-devel-linux-x86_64-fedora-gcc 0.2.1 95.34 NOTE
r-devel-windows-x86_64 0.2.1 11.00 74.00 85.00 NOTE
r-patched-linux-x86_64 0.2.1 15.26 63.93 79.19 NOTE
r-release-linux-x86_64 0.2.1 7.93 64.84 72.77 NOTE
r-release-macos-arm64 0.2.1 31.00 NOTE
r-release-macos-x86_64 0.2.1 49.00 NOTE
r-release-windows-x86_64 0.2.1 12.00 82.00 94.00 NOTE
r-oldrel-macos-arm64 0.2.1 34.00 NOTE
r-oldrel-macos-x86_64 0.2.1 69.00 NOTE
r-oldrel-windows-x86_64 0.2.1 13.00 82.00 95.00 NOTE

Check Details

Version: 0.2.1
Check: LazyData
Result: NOTE
     'LazyData' is specified without a 'data' directory
Flavors: r-devel-linux-x86_64-debian-clang, r-devel-linux-x86_64-debian-gcc, r-devel-linux-x86_64-fedora-clang, r-devel-linux-x86_64-fedora-gcc, r-devel-windows-x86_64, r-patched-linux-x86_64, r-release-linux-x86_64, r-release-macos-arm64, r-release-macos-x86_64, r-release-windows-x86_64, r-oldrel-macos-arm64, r-oldrel-macos-x86_64, r-oldrel-windows-x86_64