CRAN Package Check Results for Package lazysf

Last updated on 2021-10-25 04:54:13 CEST.

Flavor Version Tinstall Tcheck Ttotal Status Flags
r-devel-linux-x86_64-debian-clang 0.1.0 7.81 60.21 68.02 NOTE
r-devel-linux-x86_64-debian-gcc 0.1.0 6.42 47.22 53.64 NOTE
r-devel-linux-x86_64-fedora-clang 0.1.0 94.21 NOTE
r-devel-linux-x86_64-fedora-gcc 0.1.0 81.05 NOTE
r-devel-windows-x86_64 0.1.0 14.00 83.00 97.00 NOTE
r-devel-windows-x86_64-gcc10-UCRT 0.1.0 NOTE
r-patched-linux-x86_64 0.1.0 10.31 57.81 68.12 NOTE
r-patched-solaris-x86 0.1.0 130.10 NOTE
r-release-linux-x86_64 0.1.0 7.38 57.34 64.72 NOTE
r-release-macos-arm64 0.1.0 NOTE
r-release-macos-x86_64 0.1.0 NOTE
r-release-windows-ix86+x86_64 0.1.0 13.00 79.00 92.00 NOTE
r-oldrel-macos-x86_64 0.1.0 OK
r-oldrel-windows-ix86+x86_64 0.1.0 19.00 91.00 110.00 OK

Check Details

Version: 0.1.0
Check: LazyData
Result: NOTE
     'LazyData' is specified without a 'data' directory
Flavors: r-devel-linux-x86_64-debian-clang, r-devel-linux-x86_64-debian-gcc, r-devel-linux-x86_64-fedora-clang, r-devel-linux-x86_64-fedora-gcc, r-devel-windows-x86_64, r-devel-windows-x86_64-gcc10-UCRT, r-patched-linux-x86_64, r-patched-solaris-x86, r-release-linux-x86_64, r-release-macos-arm64, r-release-macos-x86_64, r-release-windows-ix86+x86_64