Last updated on 2024-03-27 23:59:47 CET.
Flavor | Version | Tinstall | Tcheck | Ttotal | Status | Flags |
---|---|---|---|---|---|---|
r-devel-linux-x86_64-debian-clang | 0.1.0 | 9.40 | 73.07 | 82.47 | NOTE | |
r-devel-linux-x86_64-debian-gcc | 0.1.0 | 5.59 | 55.07 | 60.66 | NOTE | |
r-devel-linux-x86_64-fedora-clang | 0.1.0 | 109.77 | NOTE | |||
r-devel-linux-x86_64-fedora-gcc | 0.1.0 | 111.00 | NOTE | |||
r-devel-windows-x86_64 | 0.1.0 | 8.00 | 69.00 | 77.00 | NOTE | |
r-patched-linux-x86_64 | 0.1.0 | 15.08 | 69.25 | 84.33 | NOTE | |
r-release-linux-x86_64 | 0.1.0 | 5.44 | 67.44 | 72.88 | NOTE | |
r-release-macos-arm64 | 0.1.0 | 34.00 | NOTE | |||
r-release-macos-x86_64 | 0.1.0 | 60.00 | NOTE | |||
r-release-windows-x86_64 | 0.1.0 | 10.00 | 78.00 | 88.00 | NOTE | |
r-oldrel-macos-arm64 | 0.1.0 | 29.00 | NOTE | |||
r-oldrel-windows-x86_64 | 0.1.0 | 12.00 | 84.00 | 96.00 | NOTE |
Version: 0.1.0
Check: LazyData
Result: NOTE
'LazyData' is specified without a 'data' directory
Flavors: r-devel-linux-x86_64-debian-clang, r-devel-linux-x86_64-debian-gcc, r-devel-linux-x86_64-fedora-clang, r-devel-linux-x86_64-fedora-gcc, r-devel-windows-x86_64, r-patched-linux-x86_64, r-release-linux-x86_64, r-release-macos-arm64, r-release-macos-x86_64, r-release-windows-x86_64, r-oldrel-macos-arm64, r-oldrel-windows-x86_64