CRAN Package Check Results for Package lbfgs

Last updated on 2021-10-23 20:52:25 CEST.

Flavor Version Tinstall Tcheck Ttotal Status Flags
r-devel-linux-x86_64-debian-clang 1.2.1 18.97 34.52 53.49 NOTE
r-devel-linux-x86_64-debian-gcc 1.2.1 12.62 28.60 41.22 NOTE
r-devel-linux-x86_64-fedora-clang 1.2.1 86.95 NOTE
r-devel-linux-x86_64-fedora-gcc 1.2.1 69.82 NOTE
r-devel-windows-x86_64 1.2.1 24.00 57.00 81.00 NOTE
r-devel-windows-x86_64-gcc10-UCRT 1.2.1 NOTE
r-patched-linux-x86_64 1.2.1 15.40 34.12 49.52 NOTE
r-patched-solaris-x86 1.2.1 88.90 NOTE
r-release-linux-x86_64 1.2.1 15.52 33.88 49.40 NOTE
r-release-macos-arm64 1.2.1 NOTE
r-release-macos-x86_64 1.2.1 NOTE
r-release-windows-ix86+x86_64 1.2.1 34.00 84.00 118.00 NOTE
r-oldrel-macos-x86_64 1.2.1 NOTE
r-oldrel-windows-ix86+x86_64 1.2.1 46.00 85.00 131.00 NOTE

Check Details

Version: 1.2.1
Check: R code for possible problems
Result: NOTE
    lbfgs: no visible global function definition for 'hasArg'
    Undefined global functions or variables:
     hasArg
    Consider adding
     importFrom("methods", "hasArg")
    to your NAMESPACE file (and ensure that your DESCRIPTION Imports field
    contains 'methods').
Flavors: r-devel-linux-x86_64-debian-clang, r-devel-linux-x86_64-debian-gcc, r-devel-linux-x86_64-fedora-clang, r-devel-linux-x86_64-fedora-gcc, r-devel-windows-x86_64, r-devel-windows-x86_64-gcc10-UCRT, r-patched-linux-x86_64, r-patched-solaris-x86, r-release-linux-x86_64, r-release-macos-arm64, r-release-macos-x86_64, r-release-windows-ix86+x86_64, r-oldrel-macos-x86_64, r-oldrel-windows-ix86+x86_64

Version: 1.2.1
Check: compiled code
Result: NOTE
    File ‘lbfgs/libs/lbfgs.so’:
     Found no calls to: ‘R_registerRoutines’, ‘R_useDynamicSymbols’
    
    It is good practice to register native routines and to disable symbol
    search.
    
    See ‘Writing portable packages’ in the ‘Writing R Extensions’ manual.
Flavors: r-devel-linux-x86_64-fedora-clang, r-devel-linux-x86_64-fedora-gcc