CRAN Package Check Results for Package lcars

Last updated on 2021-09-22 13:07:05 CEST.

Flavor Version Tinstall Tcheck Ttotal Status Flags
r-devel-linux-x86_64-debian-clang 0.3.7 5.07 53.65 58.72 OK
r-devel-linux-x86_64-debian-gcc 0.3.7 3.86 41.32 45.18 OK
r-devel-linux-x86_64-fedora-clang 0.3.7 78.97 OK
r-devel-linux-x86_64-fedora-gcc 0.3.7 66.71 OK
r-devel-windows-x86_64 0.3.7 6.00 58.00 64.00 OK
r-devel-windows-x86_64-gcc10-UCRT 0.3.7 ERROR
r-patched-linux-x86_64 0.3.7 5.69 50.39 56.08 OK
r-patched-solaris-x86 0.3.7 97.00 OK
r-release-linux-x86_64 0.3.7 4.79 50.06 54.85 OK
r-release-macos-arm64 0.3.7 OK
r-release-macos-x86_64 0.3.7 OK
r-release-windows-ix86+x86_64 0.3.7 13.00 53.00 66.00 OK
r-oldrel-macos-x86_64 0.3.7 OK
r-oldrel-windows-ix86+x86_64 0.3.7 10.00 63.00 73.00 OK

Check Details

Version: 0.3.7
Check: package dependencies
Result: NOTE
    Packages suggested but not available for checking:
     'png', 'showtext', 'leaflet', 'leaflet.extras'
Flavor: r-devel-windows-x86_64-gcc10-UCRT

Version: 0.3.7
Check: re-building of vignette outputs
Result: WARN
    Error(s) in re-building vignettes:
    --- re-building 'lcars.Rmd' using rmarkdown
    Quitting from lines 21-54 (lcars.Rmd)
    Error: processing vignette 'lcars.Rmd' failed with diagnostics:
    there is no package called 'png'
    --- failed re-building 'lcars.Rmd'
    
    SUMMARY: processing the following file failed:
     'lcars.Rmd'
    
    Error: Vignette re-building failed.
    Execution halted
Flavor: r-devel-windows-x86_64-gcc10-UCRT

Version: 0.3.7
Check: PDF version of manual
Result: WARN
    LaTeX errors when creating PDF version.
    This typically indicates Rd problems.
Flavor: r-devel-windows-x86_64-gcc10-UCRT

Version: 0.3.7
Check: PDF version of manual without hyperrefs or index
Result: ERROR
    Re-running with no redirection of stdout/stderr.
Flavor: r-devel-windows-x86_64-gcc10-UCRT