Last updated on 2024-03-28 15:49:51 CET.
Flavor | Version | Tinstall | Tcheck | Ttotal | Status | Flags |
---|---|---|---|---|---|---|
r-devel-linux-x86_64-debian-clang | 1.1.4 | 9.71 | 80.32 | 90.03 | OK | |
r-devel-linux-x86_64-debian-gcc | 1.1.4 | 8.64 | 60.69 | 69.33 | OK | |
r-devel-linux-x86_64-fedora-clang | 1.1.4 | 111.26 | NOTE | |||
r-devel-linux-x86_64-fedora-gcc | 1.1.4 | 108.34 | OK | |||
r-devel-windows-x86_64 | 1.1.4 | 12.00 | 84.00 | 96.00 | OK | |
r-patched-linux-x86_64 | 1.1.4 | 13.70 | 79.78 | 93.48 | OK | |
r-release-linux-x86_64 | 1.1.4 | 7.37 | 76.79 | 84.16 | OK | |
r-release-macos-arm64 | 1.1.4 | 35.00 | OK | |||
r-release-macos-x86_64 | 1.1.4 | 53.00 | OK | |||
r-release-windows-x86_64 | 1.1.4 | 14.00 | 97.00 | 111.00 | OK | |
r-oldrel-macos-arm64 | 1.1.4 | 29.00 | OK | |||
r-oldrel-windows-x86_64 | 1.1.4 | 15.00 | 93.00 | 108.00 | OK |
Version: 1.1.4
Check: Rd cross-references
Result: NOTE
Undeclared package ‘gridExtra’ in Rd xrefs
Flavor: r-devel-linux-x86_64-fedora-clang