CRAN Package Check Results for Package lcsm

Last updated on 2021-09-23 08:51:05 CEST.

Flavor Version Tinstall Tcheck Ttotal Status Flags
r-devel-linux-x86_64-debian-clang 0.1.2 4.28 92.97 97.25 OK
r-devel-linux-x86_64-debian-gcc 0.1.2 3.84 67.57 71.41 OK
r-devel-linux-x86_64-fedora-clang 0.1.2 124.77 NOTE
r-devel-linux-x86_64-fedora-gcc 0.1.2 110.41 NOTE
r-devel-windows-x86_64 0.1.2 7.00 88.00 95.00 OK
r-devel-windows-x86_64-gcc10-UCRT 0.1.2 ERROR
r-patched-linux-x86_64 0.1.2 4.26 91.15 95.41 OK
r-patched-solaris-x86 0.1.2 113.80 NOTE
r-release-linux-x86_64 0.1.2 4.13 91.67 95.80 OK
r-release-macos-arm64 0.1.2 NOTE
r-release-macos-x86_64 0.1.2 NOTE
r-release-windows-ix86+x86_64 0.1.2 13.00 89.00 102.00 OK
r-oldrel-macos-x86_64 0.1.2 NOTE
r-oldrel-windows-ix86+x86_64 0.1.2 9.00 104.00 113.00 OK

Check Details

Version: 0.1.2
Check: dependencies in R code
Result: NOTE
    Namespaces in Imports field not imported from:
     ‘data.table’ ‘utf8’
     All declared Imports should be used.
Flavors: r-devel-linux-x86_64-fedora-clang, r-devel-linux-x86_64-fedora-gcc, r-patched-solaris-x86, r-release-macos-arm64, r-release-macos-x86_64, r-oldrel-macos-x86_64

Version: 0.1.2
Check: package dependencies
Result: ERROR
    Package required but not available: 'semPlot'
    
    See section 'The DESCRIPTION file' in the 'Writing R Extensions'
    manual.
Flavor: r-devel-windows-x86_64-gcc10-UCRT