Last updated on 2023-06-05 16:54:58 CEST.
Flavor | Version | Tinstall | Tcheck | Ttotal | Status | Flags |
---|---|---|---|---|---|---|
r-devel-linux-x86_64-debian-clang | 1.4.2 | 5.32 | 45.77 | 51.09 | OK | |
r-devel-linux-x86_64-debian-gcc | 1.4.2 | 4.00 | 36.41 | 40.41 | OK | |
r-devel-linux-x86_64-fedora-clang | 1.4.2 | 65.36 | NOTE | |||
r-devel-linux-x86_64-fedora-gcc | 1.4.2 | 62.96 | NOTE | |||
r-devel-windows-x86_64 | 1.4.2 | 6.00 | 70.00 | 76.00 | OK | |
r-patched-linux-x86_64 | 1.4.2 | 5.54 | 45.05 | 50.59 | OK | |
r-release-linux-x86_64 | 1.4.2 | 4.55 | 44.36 | 48.91 | OK | |
r-release-macos-arm64 | 1.4.2 | 26.00 | OK | |||
r-release-macos-x86_64 | 1.4.2 | 41.00 | OK | |||
r-release-windows-x86_64 | 1.4.2 | 9.00 | 74.00 | 83.00 | OK | |
r-oldrel-macos-arm64 | 1.4.2 | 26.00 | OK | |||
r-oldrel-macos-x86_64 | 1.4.2 | 34.00 | OK | |||
r-oldrel-windows-x86_64 | 1.4.2 | 7.00 | 75.00 | 82.00 | OK |
Version: 1.4.2
Check: compiled code
Result: NOTE
File ‘lda/libs/lda.so’:
Found no calls to: ‘R_registerRoutines’, ‘R_useDynamicSymbols’
It is good practice to register native routines and to disable symbol
search.
See ‘Writing portable packages’ in the ‘Writing R Extensions’ manual.
Flavors: r-devel-linux-x86_64-fedora-clang, r-devel-linux-x86_64-fedora-gcc