Last updated on 2024-04-18 08:54:35 CEST.
Flavor | Version | Tinstall | Tcheck | Ttotal | Status | Flags |
---|---|---|---|---|---|---|
r-devel-linux-x86_64-debian-clang | 1.0.3 | 4.73 | 1280.28 | 1285.01 | OK | |
r-devel-linux-x86_64-debian-gcc | 1.0.3 | 4.45 | 906.00 | 910.45 | OK | |
r-devel-linux-x86_64-fedora-clang | 1.0.3 | 962.06 | OK | |||
r-devel-linux-x86_64-fedora-gcc | 1.0.3 | 1605.09 | OK | |||
r-prerel-macos-arm64 | 1.0.3 | 238.00 | OK | |||
r-prerel-macos-x86_64 | 1.0.3 | 543.00 | OK | |||
r-prerel-windows-x86_64 | 1.0.3 | 7.00 | 550.00 | 557.00 | OK | |
r-patched-linux-x86_64 | 1.0.2 | 5.19 | 250.86 | 256.05 | NOTE | |
r-release-linux-x86_64 | 1.0.2 | 5.20 | 242.15 | 247.35 | OK | |
r-release-macos-arm64 | 1.0.3 | 256.00 | OK | |||
r-release-macos-x86_64 | 1.0.3 | 521.00 | OK | |||
r-release-windows-x86_64 | 1.0.3 | 6.00 | 782.00 | 788.00 | OK | |
r-oldrel-macos-arm64 | 1.0.3 | 225.00 | OK | |||
r-oldrel-windows-x86_64 | 1.0.3 | 6.00 | 813.00 | 819.00 | OK |
Version: 1.0.2
Check: Rd files
Result: NOTE
checkRd: (-1) set_param.Rd:23: Lost braces in \itemize; meant \describe ?
checkRd: (-1) set_param.Rd:24-30: Lost braces in \itemize; meant \describe ?
checkRd: (-1) set_param.Rd:26: Lost braces in \itemize; meant \describe ?
checkRd: (-1) set_param.Rd:27: Lost braces in \itemize; meant \describe ?
checkRd: (-1) set_param.Rd:28: Lost braces in \itemize; meant \describe ?
checkRd: (-1) set_param.Rd:31-32: Lost braces in \itemize; meant \describe ?
checkRd: (-1) set_param.Rd:33: Lost braces in \itemize; meant \describe ?
checkRd: (-1) set_param.Rd:34: Lost braces in \itemize; meant \describe ?
Flavor: r-patched-linux-x86_64
Version: 1.0.2
Check: Rd \usage sections
Result: NOTE
Documented arguments not in \usage in Rd file 'dot-choose_best_subjects.Rd':
‘best’ ‘candidate’
Documented arguments not in \usage in Rd file 'dot-normalize_props.Rd':
‘keep_all_items’
Functions with \usage entries need to have the appropriate \alias
entries, and all their arguments documented.
The \usage entries must correspond to syntactically valid R code.
See chapter ‘Writing R documentation files’ in the ‘Writing R
Extensions’ manual.
Flavor: r-patched-linux-x86_64