Last updated on 2023-05-28 22:00:14 CEST.
Flavor | Version | Tinstall | Tcheck | Ttotal | Status | Flags |
---|---|---|---|---|---|---|
r-devel-linux-x86_64-debian-clang | 0.3.3 | 47.07 | 38.50 | 85.57 | NOTE | |
r-devel-linux-x86_64-debian-gcc | 0.3.3 | 39.78 | 29.93 | 69.71 | NOTE | |
r-devel-linux-x86_64-fedora-clang | 0.3.3 | 136.72 | NOTE | |||
r-devel-linux-x86_64-fedora-gcc | 0.3.3 | 127.27 | NOTE | |||
r-devel-windows-x86_64 | 0.3.3 | 46.00 | 77.00 | 123.00 | NOTE | |
r-patched-linux-x86_64 | 0.3.3 | 45.46 | 37.44 | 82.90 | NOTE | |
r-release-linux-x86_64 | 0.3.3 | 40.28 | 37.04 | 77.32 | NOTE | |
r-release-macos-arm64 | 0.3.3 | 41.00 | NOTE | |||
r-release-macos-x86_64 | 0.3.3 | 61.00 | NOTE | |||
r-release-windows-x86_64 | 0.3.3 | 58.00 | 84.00 | 142.00 | NOTE | |
r-oldrel-macos-arm64 | 0.3.3 | 41.00 | NOTE | |||
r-oldrel-macos-x86_64 | 0.3.3 | 48.00 | NOTE | |||
r-oldrel-windows-x86_64 | 0.3.3 | 54.00 | 83.00 | 137.00 | NOTE |
Version: 0.3.3
Check: C++ specification
Result: NOTE
Specified C++11: please drop specification unless essential
Flavors: r-devel-linux-x86_64-debian-clang, r-devel-linux-x86_64-debian-gcc, r-devel-linux-x86_64-fedora-clang, r-devel-linux-x86_64-fedora-gcc, r-devel-windows-x86_64, r-patched-linux-x86_64, r-release-linux-x86_64, r-release-macos-arm64, r-release-macos-x86_64, r-release-windows-x86_64
Version: 0.3.3
Check: LazyData
Result: NOTE
'LazyData' is specified without a 'data' directory
Flavors: r-devel-linux-x86_64-debian-clang, r-devel-linux-x86_64-debian-gcc, r-devel-linux-x86_64-fedora-clang, r-devel-linux-x86_64-fedora-gcc, r-devel-windows-x86_64, r-patched-linux-x86_64, r-release-linux-x86_64, r-release-macos-arm64, r-release-macos-x86_64, r-release-windows-x86_64, r-oldrel-macos-arm64, r-oldrel-macos-x86_64, r-oldrel-windows-x86_64