Last updated on 2024-07-18 08:51:11 CEST.
Flavor | Version | Tinstall | Tcheck | Ttotal | Status | Flags |
---|---|---|---|---|---|---|
r-devel-linux-x86_64-debian-clang | 1.0.2 | 8.19 | 72.57 | 80.76 | NOTE | |
r-devel-linux-x86_64-debian-gcc | 1.0.2 | 5.78 | 54.41 | 60.19 | NOTE | |
r-devel-linux-x86_64-fedora-clang | 1.0.2 | 104.48 | NOTE | |||
r-devel-linux-x86_64-fedora-gcc | 1.0.2 | 110.41 | NOTE | |||
r-devel-windows-x86_64 | 1.0.2 | 7.00 | 78.00 | 85.00 | NOTE | |
r-patched-linux-x86_64 | 1.0.2 | 12.97 | 69.08 | 82.05 | NOTE | |
r-release-linux-x86_64 | 1.0.2 | 5.33 | 69.18 | 74.51 | NOTE | |
r-release-macos-arm64 | 1.0.2 | 40.00 | NOTE | |||
r-release-macos-x86_64 | 1.0.2 | 60.00 | NOTE | |||
r-release-windows-x86_64 | 1.0.2 | 8.00 | 80.00 | 88.00 | NOTE | |
r-oldrel-macos-arm64 | 1.0.2 | 44.00 | NOTE | |||
r-oldrel-macos-x86_64 | 1.0.2 | 64.00 | NOTE | |||
r-oldrel-windows-x86_64 | 1.0.2 | 9.00 | 89.00 | 98.00 | NOTE |
Version: 1.0.2
Check: LazyData
Result: NOTE
'LazyData' is specified without a 'data' directory
Flavors: r-devel-linux-x86_64-debian-clang, r-devel-linux-x86_64-debian-gcc, r-devel-linux-x86_64-fedora-clang, r-devel-linux-x86_64-fedora-gcc, r-devel-windows-x86_64, r-patched-linux-x86_64, r-release-linux-x86_64, r-release-macos-arm64, r-release-macos-x86_64, r-release-windows-x86_64, r-oldrel-macos-arm64, r-oldrel-macos-x86_64, r-oldrel-windows-x86_64
Version: 1.0.2
Check: Rd cross-references
Result: NOTE
Undeclared package ‘tm’ in Rd xrefs
Flavor: r-devel-linux-x86_64-fedora-clang
Version: 1.0.2
Check: Rd cross-references
Result: NOTE
Found the following Rd file(s) with Rd \link{} targets missing package
anchors:
FindTopicsNumber.Rd: LDAcontrol-class
Griffiths2004.Rd: LDAcontrol-class
Please provide package anchors for all Rd \link{} targets not in the
package itself and the base packages.
Flavor: r-devel-windows-x86_64