Last updated on 2023-06-09 16:56:58 CEST.
Flavor | Version | Tinstall | Tcheck | Ttotal | Status | Flags |
---|---|---|---|---|---|---|
r-devel-linux-x86_64-debian-clang | 0.3.0 | 51.48 | 132.83 | 184.31 | OK | |
r-devel-linux-x86_64-debian-gcc | 0.4.0 | 38.89 | 97.69 | 136.58 | OK | |
r-devel-linux-x86_64-fedora-clang | 0.4.0 | 251.02 | NOTE | |||
r-devel-linux-x86_64-fedora-gcc | 0.4.0 | 259.97 | NOTE | |||
r-devel-windows-x86_64 | 0.4.0 | 41.00 | 185.00 | 226.00 | OK | |
r-patched-linux-x86_64 | 0.3.0 | 41.42 | 128.07 | 169.49 | OK | |
r-release-linux-x86_64 | 0.4.0 | 37.70 | 128.00 | 165.70 | OK | |
r-release-macos-arm64 | 0.4.0 | 76.00 | OK | |||
r-release-macos-x86_64 | 0.3.0 | 108.00 | OK | |||
r-release-windows-x86_64 | 0.4.0 | 39.00 | 184.00 | 223.00 | OK | |
r-oldrel-macos-arm64 | 0.4.0 | 72.00 | OK | |||
r-oldrel-macos-x86_64 | 0.4.0 | 96.00 | OK | |||
r-oldrel-windows-x86_64 | 0.4.0 | 42.00 | 184.00 | 226.00 | OK |
Version: 0.4.0
Check: dependencies in R code
Result: NOTE
Namespaces in Imports field not imported from:
‘RColorBrewer’ ‘RcppProgress’ ‘rgen’
All declared Imports should be used.
Flavors: r-devel-linux-x86_64-fedora-clang, r-devel-linux-x86_64-fedora-gcc