Last updated on 2024-03-28 15:49:51 CET.
Flavor | Version | Tinstall | Tcheck | Ttotal | Status | Flags |
---|---|---|---|---|---|---|
r-devel-linux-x86_64-debian-clang | 2.1.5 | 150.18 | 123.51 | 273.69 | NOTE | |
r-devel-linux-x86_64-debian-gcc | 2.1.5 | 110.22 | 92.88 | 203.10 | NOTE | |
r-devel-linux-x86_64-fedora-clang | 2.1.5 | 420.33 | NOTE | |||
r-devel-linux-x86_64-fedora-gcc | 2.1.5 | 413.07 | NOTE | |||
r-devel-windows-x86_64 | 2.1.5 | 109.00 | 156.00 | 265.00 | NOTE | |
r-patched-linux-x86_64 | 2.1.5 | 143.58 | 124.57 | 268.15 | NOTE | |
r-release-linux-x86_64 | 2.1.5 | 134.78 | 120.83 | 255.61 | NOTE | |
r-release-macos-arm64 | 2.1.5 | 79.00 | NOTE | |||
r-release-macos-x86_64 | 2.1.5 | 129.00 | NOTE | |||
r-release-windows-x86_64 | 2.1.5 | 130.00 | 178.00 | 308.00 | NOTE | |
r-oldrel-macos-arm64 | 2.1.5 | 98.00 | NOTE | |||
r-oldrel-windows-x86_64 | 2.1.5 | 131.00 | 168.00 | 299.00 | OK |
Version: 2.1.5
Check: C++ specification
Result: NOTE
Specified C++11: please drop specification unless essential
Flavors: r-devel-linux-x86_64-debian-clang, r-devel-linux-x86_64-debian-gcc, r-devel-linux-x86_64-fedora-clang, r-devel-linux-x86_64-fedora-gcc, r-devel-windows-x86_64, r-patched-linux-x86_64, r-release-linux-x86_64, r-release-macos-arm64, r-release-macos-x86_64, r-release-windows-x86_64
Version: 2.1.5
Check: package dependencies
Result: NOTE
Package suggested but not available for checking: ‘VariantAnnotation’
Flavors: r-release-macos-arm64, r-release-macos-x86_64
Version: 2.1.5
Check: installed package size
Result: NOTE
installed size is 6.0Mb
sub-directories of 1Mb or more:
libs 5.2Mb
Flavors: r-release-macos-arm64, r-release-macos-x86_64, r-oldrel-macos-arm64