Last updated on 2023-06-05 16:54:58 CEST.
Flavor | Version | Tinstall | Tcheck | Ttotal | Status | Flags |
---|---|---|---|---|---|---|
r-devel-linux-x86_64-debian-clang | 0.0.2 | 48.60 | 72.30 | 120.90 | NOTE | |
r-devel-linux-x86_64-debian-gcc | 0.0.2 | 40.85 | 54.07 | 94.92 | NOTE | |
r-devel-linux-x86_64-fedora-clang | 0.0.2 | 164.04 | NOTE | |||
r-devel-linux-x86_64-fedora-gcc | 0.0.2 | 177.44 | NOTE | |||
r-devel-windows-x86_64 | 0.0.2 | 39.00 | 108.00 | 147.00 | NOTE | |
r-patched-linux-x86_64 | 0.0.2 | 43.42 | 67.90 | 111.32 | NOTE | |
r-release-linux-x86_64 | 0.0.2 | 40.06 | 68.00 | 108.06 | NOTE | |
r-release-macos-arm64 | 0.0.2 | 54.00 | NOTE | |||
r-release-macos-x86_64 | 0.0.2 | 85.00 | NOTE | |||
r-release-windows-x86_64 | 0.0.2 | 52.00 | 112.00 | 164.00 | NOTE | |
r-oldrel-macos-arm64 | 0.0.2 | 44.00 | OK | |||
r-oldrel-macos-x86_64 | 0.0.2 | 70.00 | OK | |||
r-oldrel-windows-x86_64 | 0.0.2 | 49.00 | 107.00 | 156.00 | OK |
Version: 0.0.2
Check: C++ specification
Result: NOTE
Specified C++11: please drop specification unless essential
Flavors: r-devel-linux-x86_64-debian-clang, r-devel-linux-x86_64-debian-gcc, r-devel-linux-x86_64-fedora-clang, r-devel-linux-x86_64-fedora-gcc, r-devel-windows-x86_64, r-patched-linux-x86_64, r-release-linux-x86_64, r-release-macos-arm64, r-release-macos-x86_64, r-release-windows-x86_64
Version: 0.0.2
Check: package subdirectories
Result: NOTE
Problems with news in ‘NEWS.md’:
No news entries found.
Flavors: r-devel-linux-x86_64-debian-clang, r-devel-linux-x86_64-debian-gcc, r-devel-linux-x86_64-fedora-clang, r-devel-linux-x86_64-fedora-gcc, r-devel-windows-x86_64, r-patched-linux-x86_64, r-release-linux-x86_64, r-release-macos-arm64, r-release-macos-x86_64, r-release-windows-x86_64