Last updated on 2023-05-22 17:01:25 CEST.
Flavor | Version | Tinstall | Tcheck | Ttotal | Status | Flags |
---|---|---|---|---|---|---|
r-devel-linux-x86_64-debian-clang | 0.2.0.0 | 595.81 | 82.93 | 678.74 | OK | |
r-devel-linux-x86_64-debian-gcc | 0.2.0.0 | 448.74 | 63.84 | 512.58 | OK | |
r-devel-linux-x86_64-fedora-clang | 0.2.0.0 | 1058.27 | OK | |||
r-devel-linux-x86_64-fedora-gcc | 0.2.0.0 | 1032.21 | OK | |||
r-devel-windows-x86_64 | 0.2.0.0 | 468.00 | 166.00 | 634.00 | OK | |
r-patched-linux-x86_64 | 0.2.0.0 | 377.27 | 81.42 | 458.69 | OK | |
r-release-linux-x86_64 | 0.2.0.0 | 410.61 | 80.52 | 491.13 | OK | |
r-release-macos-arm64 | 0.2.0.0 | 247.00 | NOTE | |||
r-release-macos-x86_64 | 0.2.0.0 | 336.00 | NOTE | |||
r-release-windows-x86_64 | 0.2.0.0 | 596.00 | 189.00 | 785.00 | OK | |
r-oldrel-macos-arm64 | 0.2.0.0 | 199.00 | NOTE | |||
r-oldrel-macos-x86_64 | 0.2.0.0 | 295.00 | NOTE | |||
r-oldrel-windows-x86_64 | 0.2.0.0 | 583.00 | 161.00 | 744.00 | OK |
Version: 0.2.0.0
Check: installed package size
Result: NOTE
installed size is 27.4Mb
sub-directories of 1Mb or more:
libs 26.6Mb
Flavors: r-release-macos-arm64, r-release-macos-x86_64, r-oldrel-macos-arm64, r-oldrel-macos-x86_64