Last updated on 2024-03-28 23:55:10 CET.
Flavor | Version | Tinstall | Tcheck | Ttotal | Status | Flags |
---|---|---|---|---|---|---|
r-devel-linux-x86_64-debian-clang | 0.3.5 | 37.70 | 309.90 | 347.60 | NOTE | |
r-devel-linux-x86_64-debian-gcc | 0.3.5 | 29.92 | 226.72 | 256.64 | NOTE | |
r-devel-linux-x86_64-fedora-clang | 0.3.5 | 431.43 | NOTE | |||
r-devel-linux-x86_64-fedora-gcc | 0.3.5 | 429.39 | NOTE | |||
r-devel-windows-x86_64 | 0.3.5 | 25.00 | 196.00 | 221.00 | NOTE | |
r-patched-linux-x86_64 | 0.3.5 | 30.30 | 302.32 | 332.62 | NOTE | |
r-release-linux-x86_64 | 0.3.5 | 19.46 | 319.90 | 339.36 | NOTE | |
r-release-macos-arm64 | 0.3.5 | 109.00 | NOTE | |||
r-release-macos-x86_64 | 0.3.5 | 193.00 | NOTE | |||
r-release-windows-x86_64 | 0.3.5 | 34.00 | 258.00 | 292.00 | NOTE | |
r-oldrel-macos-arm64 | 0.3.5 | 62.00 | OK | |||
r-oldrel-windows-x86_64 | 0.3.5 | 38.00 | 274.00 | 312.00 | OK |
Version: 0.3.5
Check: package subdirectories
Result: NOTE
Problems with news in ‘NEWS.md’:
Cannot extract version info from the following section titles:
light.interception.voxels() - This function create the Fraction absorbed incident light
light.interception.raster() - Create a raster of Fraction absorbed incident light
light.incident.voxels() - This function create the Fraction incident light
light.incident.raster() - Create a raster of the Fraction incident light
Flavors: r-devel-linux-x86_64-debian-clang, r-devel-linux-x86_64-debian-gcc, r-devel-linux-x86_64-fedora-clang, r-devel-linux-x86_64-fedora-gcc, r-devel-windows-x86_64, r-patched-linux-x86_64, r-release-linux-x86_64, r-release-macos-arm64, r-release-macos-x86_64, r-release-windows-x86_64