CRAN Package Check Results for Package leaflet.minicharts

Last updated on 2021-09-23 20:52:19 CEST.

Flavor Version Tinstall Tcheck Ttotal Status Flags
r-devel-linux-x86_64-debian-clang 0.6.2 3.16 37.89 41.05 OK
r-devel-linux-x86_64-debian-gcc 0.6.2 2.56 28.85 31.41 OK
r-devel-linux-x86_64-fedora-clang 0.6.2 60.59 OK
r-devel-linux-x86_64-fedora-gcc 0.6.2 59.59 OK
r-devel-windows-x86_64 0.6.2 5.00 45.00 50.00 OK
r-devel-windows-x86_64-gcc10-UCRT 0.6.2 OK
r-patched-linux-x86_64 0.6.2 3.38 35.85 39.23 OK
r-patched-solaris-x86 0.6.2 74.20 WARN
r-release-linux-x86_64 0.6.2 3.10 36.20 39.30 OK
r-release-macos-arm64 0.6.2 OK
r-release-macos-x86_64 0.6.2 WARN
r-release-windows-ix86+x86_64 0.6.2 7.00 43.00 50.00 OK
r-oldrel-macos-x86_64 0.6.2 WARN
r-oldrel-windows-ix86+x86_64 0.6.2 5.00 48.00 53.00 OK

Check Details

Version: 0.6.2
Check: re-building of vignette outputs
Result: WARN
    Error(s) in re-building vignettes:
     ...
    --- re-building ‘introduction.Rmd’ using rmarkdown
    Warning in engine$weave(file, quiet = quiet, encoding = enc) :
     Pandoc (>= 1.12.3) not available. Falling back to R Markdown v1.
    
    Attaching package: 'dplyr'
    
    The following objects are masked from 'package:stats':
    
     filter, lag
    
    The following objects are masked from 'package:base':
    
     intersect, setdiff, setequal, union
    
    Quitting from lines 67-77 (introduction.Rmd)
    Error: processing vignette 'introduction.Rmd' failed with diagnostics:
    invalid 'path' argument
    --- failed re-building ‘introduction.Rmd’
    
    SUMMARY: processing the following file failed:
     ‘introduction.Rmd’
    
    Error: Vignette re-building failed.
    Execution halted
Flavors: r-patched-solaris-x86, r-release-macos-x86_64, r-oldrel-macos-x86_64