CRAN Package Check Results for Package leaflet.opacity

Last updated on 2021-10-22 04:54:52 CEST.

Flavor Version Tinstall Tcheck Ttotal Status Flags
r-devel-linux-x86_64-debian-clang 0.1.0 2.02 43.36 45.38 NOTE
r-devel-linux-x86_64-debian-gcc 0.1.0 1.89 32.87 34.76 NOTE
r-devel-linux-x86_64-fedora-clang 0.1.0 64.64 NOTE
r-devel-linux-x86_64-fedora-gcc 0.1.0 53.10 NOTE
r-devel-windows-x86_64 0.1.0 5.00 65.00 70.00 NOTE
r-devel-windows-x86_64-gcc10-UCRT 0.1.0 NOTE
r-patched-linux-x86_64 0.1.0 2.23 42.03 44.26 NOTE
r-patched-solaris-x86 0.1.0 61.50 NOTE
r-release-linux-x86_64 0.1.0 2.28 41.22 43.50 NOTE
r-release-macos-arm64 0.1.0 NOTE
r-release-macos-x86_64 0.1.0 NOTE
r-release-windows-ix86+x86_64 0.1.0 4.00 73.00 77.00 NOTE
r-oldrel-macos-x86_64 0.1.0 OK
r-oldrel-windows-ix86+x86_64 0.1.0 7.00 59.00 66.00 OK

Check Details

Version: 0.1.0
Check: LazyData
Result: NOTE
     'LazyData' is specified without a 'data' directory
Flavors: r-devel-linux-x86_64-debian-clang, r-devel-linux-x86_64-debian-gcc, r-devel-linux-x86_64-fedora-clang, r-devel-linux-x86_64-fedora-gcc, r-devel-windows-x86_64, r-devel-windows-x86_64-gcc10-UCRT, r-patched-linux-x86_64, r-patched-solaris-x86, r-release-linux-x86_64, r-release-macos-arm64, r-release-macos-x86_64, r-release-windows-ix86+x86_64