CRAN Package Check Results for Package legco

Last updated on 2021-10-17 04:50:23 CEST.

Flavor Version Tinstall Tcheck Ttotal Status Flags
r-devel-linux-x86_64-debian-clang 0.1.3 6.31 48.67 54.98 OK
r-devel-linux-x86_64-debian-gcc 0.1.3 5.24 38.21 43.45 OK
r-devel-linux-x86_64-fedora-clang 0.1.4 100.99 NOTE
r-devel-linux-x86_64-fedora-gcc 0.1.4 89.94 NOTE
r-devel-windows-x86_64 0.1.3 9.00 159.00 168.00 OK
r-devel-windows-x86_64-gcc10-UCRT 0.1.3 NOTE
r-patched-linux-x86_64 0.1.3 7.29 51.68 58.97 OK
r-patched-solaris-x86 0.1.4 114.80 NOTE
r-release-linux-x86_64 0.1.3 6.86 51.30 58.16 OK
r-release-macos-arm64 0.1.3 NOTE
r-release-macos-x86_64 0.1.3 NOTE
r-release-windows-ix86+x86_64 0.1.3 7.00 156.00 163.00 OK
r-oldrel-macos-x86_64 0.1.3 NOTE
r-oldrel-windows-ix86+x86_64 0.1.3 10.00 170.00 180.00 OK

Check Details

Version: 0.1.4
Check: data for non-ASCII characters
Result: NOTE
     Note: found 51 marked UTF-8 strings
Flavors: r-devel-linux-x86_64-fedora-clang, r-devel-linux-x86_64-fedora-gcc, r-patched-solaris-x86

Version: 0.1.3
Check: data for non-ASCII characters
Result: NOTE
     Note: found 51 marked UTF-8 strings
Flavors: r-devel-windows-x86_64-gcc10-UCRT, r-release-macos-arm64, r-release-macos-x86_64, r-oldrel-macos-x86_64